Last updated on 2025-02-05 17:49:55 CET.
Flavor | Version | Tinstall | Tcheck | Ttotal | Status | Flags |
---|---|---|---|---|---|---|
r-devel-linux-x86_64-debian-clang | 1.1.0 | 3.56 | 33.55 | 37.11 | NOTE | |
r-devel-linux-x86_64-debian-gcc | 1.1.0 | 3.26 | 26.64 | 29.90 | NOTE | |
r-devel-linux-x86_64-fedora-clang | 1.1.0 | 66.22 | NOTE | |||
r-devel-linux-x86_64-fedora-gcc | 1.1.0 | 71.95 | NOTE | |||
r-devel-windows-x86_64 | 1.1.0 | 7.00 | 60.00 | 67.00 | NOTE | |
r-patched-linux-x86_64 | 1.1.0 | 3.55 | 32.09 | 35.64 | OK | |
r-release-linux-x86_64 | 1.1.0 | 3.77 | 31.91 | 35.68 | OK | |
r-release-macos-arm64 | 1.1.0 | 81.00 | OK | |||
r-release-macos-x86_64 | 1.1.0 | 121.00 | OK | |||
r-release-windows-x86_64 | 1.1.0 | 5.00 | 62.00 | 67.00 | OK | |
r-oldrel-macos-arm64 | 1.1.0 | 70.00 | OK | |||
r-oldrel-macos-x86_64 | 1.1.0 | 121.00 | OK | |||
r-oldrel-windows-x86_64 | 1.1.0 | 7.00 | 65.00 | 72.00 | OK |
Version: 1.1.0
Check: DESCRIPTION meta-information
Result: NOTE
Missing dependency on R >= 4.1.0 because package code uses the pipe
|> or function shorthand \(...) syntax added in R 4.1.0.
File(s) using such syntax:
‘xxx_onload.R’
Flavors: r-devel-linux-x86_64-debian-clang, r-devel-linux-x86_64-debian-gcc, r-devel-linux-x86_64-fedora-clang, r-devel-linux-x86_64-fedora-gcc, r-devel-windows-x86_64