Last updated on 2025-11-25 17:49:48 CET.
| Flavor | Version | Tinstall | Tcheck | Ttotal | Status | Flags |
|---|---|---|---|---|---|---|
| r-devel-linux-x86_64-debian-clang | 0.1.1 | 1.98 | 54.07 | 56.05 | NOTE | |
| r-devel-linux-x86_64-debian-gcc | 0.1.1 | 1.70 | 39.71 | 41.41 | NOTE | |
| r-devel-linux-x86_64-fedora-clang | 0.1.1 | 90.80 | NOTE | |||
| r-devel-linux-x86_64-fedora-gcc | 0.1.1 | 102.54 | NOTE | |||
| r-devel-windows-x86_64 | 0.1.1 | 5.00 | 108.00 | 113.00 | NOTE | |
| r-patched-linux-x86_64 | 0.1.1 | 2.52 | 52.19 | 54.71 | NOTE | |
| r-release-linux-x86_64 | 0.1.1 | 2.53 | 52.18 | 54.71 | NOTE | |
| r-release-macos-arm64 | 0.1.1 | NOTE | ||||
| r-release-macos-x86_64 | 0.1.1 | 2.00 | 67.00 | 69.00 | NOTE | |
| r-release-windows-x86_64 | 0.1.1 | 4.00 | 134.00 | 138.00 | NOTE | |
| r-oldrel-macos-arm64 | 0.1.1 | NOTE | ||||
| r-oldrel-macos-x86_64 | 0.1.1 | 2.00 | 51.00 | 53.00 | NOTE | |
| r-oldrel-windows-x86_64 | 0.1.1 | 5.00 | 116.00 | 121.00 | NOTE |
Version: 0.1.1
Check: Rd files
Result: NOTE
checkRd: (-1) applied_crm.Rd:64: Lost braces; missing escapes or markup?
64 | The empiric model is specified as F(d, beta) = d^{exp(beta)}. The logistic model is
| ^
Flavors: r-devel-linux-x86_64-debian-clang, r-devel-linux-x86_64-debian-gcc, r-devel-linux-x86_64-fedora-clang, r-devel-linux-x86_64-fedora-gcc, r-devel-windows-x86_64, r-patched-linux-x86_64, r-release-linux-x86_64, r-release-macos-arm64, r-release-macos-x86_64, r-release-windows-x86_64, r-oldrel-macos-arm64, r-oldrel-macos-x86_64, r-oldrel-windows-x86_64
Version: 0.1.1
Check: LazyData
Result: NOTE
'LazyData' is specified without a 'data' directory
Flavors: r-oldrel-macos-arm64, r-oldrel-macos-x86_64, r-oldrel-windows-x86_64