Last updated on 2025-11-26 05:51:33 CET.
| Flavor | Version | Tinstall | Tcheck | Ttotal | Status | Flags |
|---|---|---|---|---|---|---|
| r-devel-linux-x86_64-debian-clang | 0.9.0 | 3.14 | 36.49 | 39.63 | OK | |
| r-devel-linux-x86_64-debian-gcc | 0.9.0 | 2.77 | 27.93 | 30.70 | OK | |
| r-devel-linux-x86_64-fedora-clang | 0.9.0 | 60.98 | OK | |||
| r-devel-linux-x86_64-fedora-gcc | 0.9.0 | 59.05 | OK | |||
| r-devel-windows-x86_64 | 0.9.0 | 8.00 | 60.00 | 68.00 | OK | |
| r-patched-linux-x86_64 | 0.9.0 | 3.90 | 33.39 | 37.29 | OK | |
| r-release-linux-x86_64 | 0.9.0 | 3.44 | 33.53 | 36.97 | OK | |
| r-release-macos-arm64 | 0.9.0 | OK | ||||
| r-release-macos-x86_64 | 0.9.0 | 4.00 | 36.00 | 40.00 | OK | |
| r-release-windows-x86_64 | 0.9.0 | 6.00 | 59.00 | 65.00 | OK | |
| r-oldrel-macos-arm64 | 0.9.0 | OK | ||||
| r-oldrel-macos-x86_64 | 0.9.0 | 4.00 | 40.00 | 44.00 | NOTE | |
| r-oldrel-windows-x86_64 | 0.9.0 | 10.00 | 71.00 | 81.00 | OK |
Version: 0.9.0
Check: installed package size
Result: NOTE
installed size is 5.9Mb
sub-directories of 1Mb or more:
data 4.8Mb
Flavor: r-oldrel-macos-x86_64