Last updated on 2024-06-29 06:49:39 CEST.
Flavor | Version | Tinstall | Tcheck | Ttotal | Status | Flags |
---|---|---|---|---|---|---|
r-devel-linux-x86_64-debian-clang | 1.2.1 | 246.07 | 260.71 | 506.78 | OK | |
r-devel-linux-x86_64-debian-gcc | 1.2.1 | 198.93 | 192.11 | 391.04 | OK | |
r-devel-linux-x86_64-fedora-clang | 1.2.1 | 480.58 | NOTE | |||
r-devel-linux-x86_64-fedora-gcc | 1.2.1 | 775.19 | OK | |||
r-devel-windows-x86_64 | 1.2.1 | 171.00 | 244.00 | 415.00 | OK | |
r-patched-linux-x86_64 | 1.2.1 | 220.31 | 246.97 | 467.28 | OK | |
r-release-linux-x86_64 | 1.2.1 | 227.78 | 252.42 | 480.20 | OK | |
r-release-macos-arm64 | 1.2.1 | 153.00 | NOTE | |||
r-release-macos-x86_64 | 1.2.1 | 243.00 | NOTE | |||
r-release-windows-x86_64 | 1.2.1 | 172.00 | 239.00 | 411.00 | OK | |
r-oldrel-macos-arm64 | 1.2.1 | 167.00 | NOTE | |||
r-oldrel-macos-x86_64 | 1.2.1 | 186.00 | NOTE | |||
r-oldrel-windows-x86_64 | 1.2.1 | 244.00 | 304.00 | 548.00 | OK |
Version: 1.2.1
Check: installed package size
Result: NOTE
installed size is 5.5Mb
sub-directories of 1Mb or more:
libs 4.8Mb
Flavors: r-devel-linux-x86_64-fedora-clang, r-release-macos-arm64, r-release-macos-x86_64, r-oldrel-macos-arm64, r-oldrel-macos-x86_64