Last updated on 2025-02-10 17:49:09 CET.
Flavor | Version | Tinstall | Tcheck | Ttotal | Status | Flags |
---|---|---|---|---|---|---|
r-devel-linux-x86_64-debian-clang | 3.0.10 | 4.81 | 52.56 | 57.37 | NOTE | |
r-devel-linux-x86_64-debian-gcc | 3.0.10 | 2.96 | 37.09 | 40.05 | NOTE | |
r-devel-linux-x86_64-fedora-clang | 3.0.10 | 101.91 | OK | |||
r-devel-linux-x86_64-fedora-gcc | 3.0.10 | 102.22 | OK | |||
r-devel-windows-x86_64 | 3.0.10 | 6.00 | 78.00 | 84.00 | NOTE | |
r-patched-linux-x86_64 | 3.0.10 | 3.80 | 50.15 | 53.95 | OK | |
r-release-linux-x86_64 | 3.0.10 | 4.52 | 49.94 | 54.46 | OK | |
r-release-macos-arm64 | 3.0.10 | 36.00 | OK | |||
r-release-macos-x86_64 | 3.0.10 | 52.00 | OK | |||
r-release-windows-x86_64 | 3.0.10 | 6.00 | 80.00 | 86.00 | OK | |
r-oldrel-macos-arm64 | 3.0.10 | 38.00 | OK | |||
r-oldrel-macos-x86_64 | 3.0.10 | 56.00 | OK | |||
r-oldrel-windows-x86_64 | 3.0.10 | 6.00 | 81.00 | 87.00 | OK |
Version: 3.0.10
Check: Rd cross-references
Result: NOTE
Found the following Rd file(s) with Rd \link{} targets missing package
anchors:
dr.weights.Rd: cov.rob
Please provide package anchors for all Rd \link{} targets not in the
package itself and the base packages.
Flavors: r-devel-linux-x86_64-debian-clang, r-devel-linux-x86_64-debian-gcc, r-devel-windows-x86_64