CRAN Package Check Results for Package doebioresearch

Last updated on 2025-05-16 06:49:36 CEST.

Flavor Version Tinstall Tcheck Ttotal Status Flags
r-devel-linux-x86_64-debian-clang 0.1.0 3.68 33.49 37.17 OK
r-devel-linux-x86_64-debian-gcc 0.1.0 2.42 24.20 26.62 OK
r-devel-linux-x86_64-fedora-clang 0.1.0 56.74 OK
r-devel-linux-x86_64-fedora-gcc 0.1.0 55.13 OK
r-devel-windows-x86_64 0.1.0 4.00 55.00 59.00 OK
r-patched-linux-x86_64 0.1.0 3.71 31.77 35.48 OK
r-release-linux-x86_64 0.1.0 3.56 31.49 35.05 OK
r-release-macos-arm64 0.1.0 21.00 OK
r-release-macos-x86_64 0.1.0 36.00 OK
r-release-windows-x86_64 0.1.0 5.00 0.00 5.00 FAIL
r-oldrel-macos-arm64 0.1.0 20.00 OK
r-oldrel-macos-x86_64 0.1.0 30.00 OK
r-oldrel-windows-x86_64 0.1.0 6.00 62.00 68.00 OK

Check Details

Version: 0.1.0
Check: PDF version of manual
Result: FAIL Check process probably crashed or hung up for 20 minutes ... killed Most likely this happened in the example checks (?), if not, ignore the following last lines of example output: [1] 8.093720 12.140580 9.712464 12.949952 15.378068 20.234300 24.281160 [8] 20.234300 8.903092 > #For converting into tonnes/acre > yieldconvert(yield,10,5,3) [[1]] [1] "Converted to Tonnes/Acre" [[2]] [1] 0.8093720 1.2140580 0.9712464 1.2949952 1.5378068 2.0234300 2.4281160 [8] 2.0234300 0.8903092 > > > > ### * <FOOTER> > ### > cleanEx() > options(digits = 7L) > base::cat("Time elapsed: ", proc.time() - base::get("ptime", pos = 'CheckExEnv'),"\n") Time elapsed: 5.95 0.18 6.14 NA NA > grDevices::dev.off() null device 1 > ### > ### Local variables: *** > ### mode: outline-minor *** > ### outline-regexp: "\\(> \\)?### [*]+" *** > ### End: *** > quit('no') ======== End of example output (where/before crash/hang up occured ?) ======== Flavor: r-release-windows-x86_64