Last updated on 2025-11-26 05:51:32 CET.
| Flavor | Version | Tinstall | Tcheck | Ttotal | Status | Flags |
|---|---|---|---|---|---|---|
| r-devel-linux-x86_64-debian-clang | 1.0.3 | 1.70 | 27.03 | 28.73 | OK | |
| r-devel-linux-x86_64-debian-gcc | 1.0.3 | 1.41 | 22.57 | 23.98 | OK | |
| r-devel-linux-x86_64-fedora-clang | 1.0.3 | 42.46 | OK | |||
| r-devel-linux-x86_64-fedora-gcc | 1.0.3 | 53.88 | OK | |||
| r-devel-windows-x86_64 | 1.0.3 | 3.00 | 43.00 | 46.00 | OK | |
| r-patched-linux-x86_64 | 1.0.3 | 1.59 | 24.73 | 26.32 | OK | |
| r-release-linux-x86_64 | 1.0.3 | 1.65 | 24.64 | 26.29 | OK | |
| r-release-macos-arm64 | 1.0.3 | OK | ||||
| r-release-macos-x86_64 | 1.0.3 | 2.00 | 36.00 | 38.00 | OK | |
| r-release-windows-x86_64 | 1.0.3 | 3.00 | 43.00 | 46.00 | OK | |
| r-oldrel-macos-arm64 | 1.0.3 | NOTE | ||||
| r-oldrel-macos-x86_64 | 1.0.3 | 1.00 | 32.00 | 33.00 | NOTE | |
| r-oldrel-windows-x86_64 | 1.0.3 | 4.00 | 49.00 | 53.00 | NOTE |
Version: 1.0.3
Check: LazyData
Result: NOTE
'LazyData' is specified without a 'data' directory
Flavors: r-oldrel-macos-arm64, r-oldrel-macos-x86_64, r-oldrel-windows-x86_64