Last updated on 2025-11-26 05:51:32 CET.
| Flavor | Version | Tinstall | Tcheck | Ttotal | Status | Flags |
|---|---|---|---|---|---|---|
| r-devel-linux-x86_64-debian-clang | 1.0-1 | 1.65 | 51.76 | 53.41 | ERROR | |
| r-devel-linux-x86_64-debian-gcc | 1.0-1 | 1.57 | 38.30 | 39.87 | ERROR | |
| r-devel-linux-x86_64-fedora-clang | 1.0-1 | 90.32 | ERROR | |||
| r-devel-linux-x86_64-fedora-gcc | 1.0-1 | 94.51 | ERROR | |||
| r-devel-windows-x86_64 | 1.0-1 | 7.00 | 78.00 | 85.00 | OK | |
| r-patched-linux-x86_64 | 1.0-1 | 1.97 | 58.52 | 60.49 | OK | |
| r-release-linux-x86_64 | 1.0-1 | 1.80 | 59.86 | 61.66 | OK | |
| r-release-macos-arm64 | 1.0-1 | OK | ||||
| r-release-macos-x86_64 | 1.0-1 | 2.00 | 72.00 | 74.00 | OK | |
| r-release-windows-x86_64 | 1.0-1 | 3.00 | 90.00 | 93.00 | OK | |
| r-oldrel-macos-arm64 | 1.0-1 | NOTE | ||||
| r-oldrel-macos-x86_64 | 1.0-1 | 2.00 | 55.00 | 57.00 | NOTE | |
| r-oldrel-windows-x86_64 | 1.0-1 | 4.00 | 97.00 | 101.00 | NOTE |
Version: 1.0-1
Check: re-building of vignette outputs
Result: ERROR
Error(s) in re-building vignettes:
...
--- re-building ‘data_vis.Rmd’ using rmarkdown
Quitting from data_vis.Rmd:199-216 [unnamed-chunk-13]
~~~~~~~~~~~~~~~~~~~~~~~~~~~~~~~~~~~~~~~~~~~~~~~~~~~~~~~~~~~~~~~~~~~~~~~~~~~~~~~~
<error/rlang_error>
Error in `library()`:
! there is no package called 'mapview'
---
Backtrace:
▆
1. └─base::library(mapview)
~~~~~~~~~~~~~~~~~~~~~~~~~~~~~~~~~~~~~~~~~~~~~~~~~~~~~~~~~~~~~~~~~~~~~~~~~~~~~~~~
Error: processing vignette 'data_vis.Rmd' failed with diagnostics:
there is no package called 'mapview'
--- failed re-building ‘data_vis.Rmd’
--- re-building ‘modeling.Rmd’ using rmarkdown
Warning in eng_r(options) :
Failed to tidy R code in chunk 'unnamed-chunk-2'. Reason:
Error : The formatR package is required by the chunk option tidy = TRUE but not installed; tidy = TRUE will be ignored.
Warning in eng_r(options) :
Failed to tidy R code in chunk 'unnamed-chunk-3'. Reason:
Error : The formatR package is required by the chunk option tidy = TRUE but not installed; tidy = TRUE will be ignored.
Warning in eng_r(options) :
Failed to tidy R code in chunk 'unnamed-chunk-4'. Reason:
Error : The formatR package is required by the chunk option tidy = TRUE but not installed; tidy = TRUE will be ignored.
Warning in eng_r(options) :
Failed to tidy R code in chunk 'unnamed-chunk-5'. Reason:
Error : The formatR package is required by the chunk option tidy = TRUE but not installed; tidy = TRUE will be ignored.
Warning in eng_r(options) :
Failed to tidy R code in chunk 'unnamed-chunk-6'. Reason:
Error : The formatR package is required by the chunk option tidy = TRUE but not installed; tidy = TRUE will be ignored.
Warning in eng_r(options) :
Failed to tidy R code in chunk 'unnamed-chunk-7'. Reason:
Error : The formatR package is required by the chunk option tidy = TRUE but not installed; tidy = TRUE will be ignored.
Warning in eng_r(options) :
Failed to tidy R code in chunk 'unnamed-chunk-8'. Reason:
Error : The formatR package is required by the chunk option tidy = TRUE but not installed; tidy = TRUE will be ignored.
Warning in eng_r(options) :
Failed to tidy R code in chunk 'unnamed-chunk-9'. Reason:
Error : The formatR package is required by the chunk option tidy = TRUE but not installed; tidy = TRUE will be ignored.
[WARNING] Deprecated: --highlight-style. Use --syntax-highlighting instead.
--- finished re-building ‘modeling.Rmd’
SUMMARY: processing the following file failed:
‘data_vis.Rmd’
Error: Vignette re-building failed.
Execution halted
Flavors: r-devel-linux-x86_64-debian-clang, r-devel-linux-x86_64-debian-gcc
Version: 1.0-1
Check: re-building of vignette outputs
Result: ERROR
Error(s) in re-building vignettes:
--- re-building ‘data_vis.Rmd’ using rmarkdown
Quitting from data_vis.Rmd:199-216 [unnamed-chunk-13]
~~~~~~~~~~~~~~~~~~~~~~~~~~~~~~~~~~~~~~~~~~~~~~~~~~~~~~~~~~~~~~~~~~~~~~~~~~~~~~~~
<error/rlang_error>
Error in `library()`:
! there is no package called 'mapview'
---
Backtrace:
▆
1. └─base::library(mapview)
~~~~~~~~~~~~~~~~~~~~~~~~~~~~~~~~~~~~~~~~~~~~~~~~~~~~~~~~~~~~~~~~~~~~~~~~~~~~~~~~
Error: processing vignette 'data_vis.Rmd' failed with diagnostics:
there is no package called 'mapview'
--- failed re-building ‘data_vis.Rmd’
--- re-building ‘modeling.Rmd’ using rmarkdown
Warning in eng_r(options) :
Failed to tidy R code in chunk 'unnamed-chunk-2'. Reason:
Error : The formatR package is required by the chunk option tidy = TRUE but not installed; tidy = TRUE will be ignored.
Warning in eng_r(options) :
Failed to tidy R code in chunk 'unnamed-chunk-3'. Reason:
Error : The formatR package is required by the chunk option tidy = TRUE but not installed; tidy = TRUE will be ignored.
Warning in eng_r(options) :
Failed to tidy R code in chunk 'unnamed-chunk-4'. Reason:
Error : The formatR package is required by the chunk option tidy = TRUE but not installed; tidy = TRUE will be ignored.
Warning in eng_r(options) :
Failed to tidy R code in chunk 'unnamed-chunk-5'. Reason:
Error : The formatR package is required by the chunk option tidy = TRUE but not installed; tidy = TRUE will be ignored.
Warning in eng_r(options) :
Failed to tidy R code in chunk 'unnamed-chunk-6'. Reason:
Error : The formatR package is required by the chunk option tidy = TRUE but not installed; tidy = TRUE will be ignored.
Warning in eng_r(options) :
Failed to tidy R code in chunk 'unnamed-chunk-7'. Reason:
Error : The formatR package is required by the chunk option tidy = TRUE but not installed; tidy = TRUE will be ignored.
Warning in eng_r(options) :
Failed to tidy R code in chunk 'unnamed-chunk-8'. Reason:
Error : The formatR package is required by the chunk option tidy = TRUE but not installed; tidy = TRUE will be ignored.
Warning in eng_r(options) :
Failed to tidy R code in chunk 'unnamed-chunk-9'. Reason:
Error : The formatR package is required by the chunk option tidy = TRUE but not installed; tidy = TRUE will be ignored.
[WARNING] Deprecated: --highlight-style. Use --syntax-highlighting instead.
--- finished re-building ‘modeling.Rmd’
SUMMARY: processing the following file failed:
‘data_vis.Rmd’
Error: Vignette re-building failed.
Execution halted
Flavor: r-devel-linux-x86_64-fedora-clang
Version: 1.0-1
Check: re-building of vignette outputs
Result: ERROR
Error(s) in re-building vignettes:
--- re-building ‘data_vis.Rmd’ using rmarkdown
Quitting from data_vis.Rmd:199-216 [unnamed-chunk-13]
~~~~~~~~~~~~~~~~~~~~~~~~~~~~~~~~~~~~~~~~~~~~~~~~~~~~~~~~~~~~~~~~~~~~~~~~~~~~~~~~
<error/rlang_error>
Error in `library()`:
! there is no package called 'mapview'
---
Backtrace:
▆
1. └─base::library(mapview)
~~~~~~~~~~~~~~~~~~~~~~~~~~~~~~~~~~~~~~~~~~~~~~~~~~~~~~~~~~~~~~~~~~~~~~~~~~~~~~~~
Error: processing vignette 'data_vis.Rmd' failed with diagnostics:
there is no package called 'mapview'
--- failed re-building ‘data_vis.Rmd’
--- re-building ‘modeling.Rmd’ using rmarkdown
[WARNING] Deprecated: --highlight-style. Use --syntax-highlighting instead.
--- finished re-building ‘modeling.Rmd’
SUMMARY: processing the following file failed:
‘data_vis.Rmd’
Error: Vignette re-building failed.
Execution halted
Flavor: r-devel-linux-x86_64-fedora-gcc
Version: 1.0-1
Check: installed package size
Result: NOTE
installed size is 6.2Mb
sub-directories of 1Mb or more:
doc 1.5Mb
extdata 4.2Mb
Flavors: r-oldrel-macos-arm64, r-oldrel-macos-x86_64, r-oldrel-windows-x86_64