CRAN Package Check Results for Package directotree

Last updated on 2025-02-10 17:49:09 CET.

Flavor Version Tinstall Tcheck Ttotal Status Flags
r-devel-linux-x86_64-debian-clang 1.0.0 2.87 23.52 26.39 OK
r-devel-linux-x86_64-debian-gcc 1.0.0 2.18 18.09 20.27 OK
r-devel-linux-x86_64-fedora-clang 1.0.0 46.19 OK
r-devel-linux-x86_64-fedora-gcc 1.0.0 39.53 OK
r-devel-windows-x86_64 1.0.0 5.00 44.00 49.00 OK
r-patched-linux-x86_64 1.0.0 2.57 22.28 24.85 NOTE
r-release-linux-x86_64 1.0.0 2.38 22.37 24.75 NOTE
r-release-macos-arm64 1.0.0 20.00 NOTE
r-release-macos-x86_64 1.0.0 32.00 NOTE
r-release-windows-x86_64 1.0.0 5.00 44.00 49.00 NOTE
r-oldrel-macos-arm64 1.0.0 21.00 NOTE
r-oldrel-macos-x86_64 1.0.0 23.00 NOTE
r-oldrel-windows-x86_64 1.0.0 4.00 48.00 52.00 NOTE

Check Details

Version: 1.0.0
Check: LazyData
Result: NOTE 'LazyData' is specified without a 'data' directory Flavors: r-patched-linux-x86_64, r-release-linux-x86_64, r-release-macos-arm64, r-release-macos-x86_64, r-release-windows-x86_64, r-oldrel-macos-arm64, r-oldrel-macos-x86_64, r-oldrel-windows-x86_64