Last updated on 2024-06-29 06:49:39 CEST.
Flavor | Version | Tinstall | Tcheck | Ttotal | Status | Flags |
---|---|---|---|---|---|---|
r-devel-linux-x86_64-debian-clang | 0.9.6 | 32.63 | 106.14 | 138.77 | NOTE | |
r-devel-linux-x86_64-debian-gcc | 0.9.6 | 25.42 | 79.34 | 104.76 | NOTE | |
r-devel-linux-x86_64-fedora-clang | 0.9.6 | 182.62 | NOTE | |||
r-devel-linux-x86_64-fedora-gcc | 0.9.6 | 203.97 | NOTE | |||
r-devel-windows-x86_64 | 0.9.6 | 33.00 | 122.00 | 155.00 | NOTE | |
r-patched-linux-x86_64 | 0.9.6 | 29.35 | 100.33 | 129.68 | NOTE | |
r-release-linux-x86_64 | 0.9.6 | 32.98 | 104.44 | 137.42 | NOTE | |
r-release-macos-arm64 | 0.9.6 | 53.00 | NOTE | |||
r-release-macos-x86_64 | 0.9.6 | 94.00 | NOTE | |||
r-release-windows-x86_64 | 0.9.6 | 34.00 | 120.00 | 154.00 | NOTE | |
r-oldrel-macos-arm64 | 0.9.6 | 57.00 | NOTE | |||
r-oldrel-macos-x86_64 | 0.9.6 | 100.00 | NOTE | |||
r-oldrel-windows-x86_64 | 0.9.6 | 40.00 | 145.00 | 185.00 | NOTE |
Version: 0.9.6
Check: LazyData
Result: NOTE
'LazyData' is specified without a 'data' directory
Flavors: r-devel-linux-x86_64-debian-clang, r-devel-linux-x86_64-debian-gcc, r-devel-linux-x86_64-fedora-clang, r-devel-linux-x86_64-fedora-gcc, r-devel-windows-x86_64, r-patched-linux-x86_64, r-release-linux-x86_64, r-release-macos-arm64, r-release-macos-x86_64, r-release-windows-x86_64, r-oldrel-macos-arm64, r-oldrel-macos-x86_64, r-oldrel-windows-x86_64
Version: 0.9.6
Check: installed package size
Result: NOTE
installed size is 5.2Mb
sub-directories of 1Mb or more:
extdata 2.1Mb
libs 2.3Mb
Flavors: r-release-macos-arm64, r-release-macos-x86_64, r-oldrel-macos-arm64, r-oldrel-macos-x86_64