Last updated on 2025-02-10 17:49:09 CET.
Flavor | Version | Tinstall | Tcheck | Ttotal | Status | Flags |
---|---|---|---|---|---|---|
r-devel-linux-x86_64-debian-clang | 0.3.0 | 2.91 | 43.95 | 46.86 | OK | |
r-devel-linux-x86_64-debian-gcc | 0.3.0 | 2.50 | 34.97 | 37.47 | OK | |
r-devel-linux-x86_64-fedora-clang | 0.4.0 | 75.45 | OK | |||
r-devel-linux-x86_64-fedora-gcc | 0.4.0 | 84.26 | OK | |||
r-devel-windows-x86_64 | 0.3.0 | 5.00 | 73.00 | 78.00 | ERROR | |
r-patched-linux-x86_64 | 0.3.0 | 3.03 | 42.24 | 45.27 | OK | |
r-release-linux-x86_64 | 0.3.0 | 3.03 | 41.93 | 44.96 | OK | |
r-release-macos-arm64 | 0.4.0 | 39.00 | OK | |||
r-release-macos-x86_64 | 0.4.0 | 117.00 | OK | |||
r-release-windows-x86_64 | 0.3.0 | 5.00 | 72.00 | 77.00 | ERROR | |
r-oldrel-macos-arm64 | 0.3.0 | 39.00 | OK | |||
r-oldrel-macos-x86_64 | 0.3.0 | 54.00 | OK | |||
r-oldrel-windows-x86_64 | 0.3.0 | 6.00 | 75.00 | 81.00 | ERROR |
Version: 0.3.0
Check: re-building of vignette outputs
Result: ERROR
Error(s) in re-building vignettes:
--- re-building 'custom.Rmd' using rmarkdown
--- finished re-building 'custom.Rmd'
--- re-building 'documentation.Rmd' using rmarkdown
--- finished re-building 'documentation.Rmd'
--- re-building 'engine.Rmd' using rmarkdown
Warning in gsub(this, knitr::sew(tmp), code) :
TRE pattern compilation error 'Invalid back reference'
Quitting from lines 170-171 [unnamed-chunk-11] (engine.Rmd)
Error: processing vignette 'engine.Rmd' failed with diagnostics:
invalid regular expression 'D:\temp\2025_02_08_01_50_00_3345\RtmpOGncyJ\file17d2c42f515bf.png', reason 'Invalid back reference'
--- failed re-building 'engine.Rmd'
--- re-building 'objects.Rmd' using rmarkdown
Quitting from lines 56-62 [unnamed-chunk-5] (objects.Rmd)
Error: processing vignette 'objects.Rmd' failed with diagnostics:
invalid regular expression 'D:\temp\2025_02_08_01_50_00_3345\RtmpG4gmpX\file156384ead56aa.png', reason 'Invalid back reference'
--- failed re-building 'objects.Rmd'
--- re-building 'sessioninfo.Rmd' using rmarkdown
ERROR: Unknown command "TMPDIR=D:/temp/2025_02_08_01_50_00_3345/RtmpQvg8vV/file3122865954ced". Did you mean command "preview"?
--- finished re-building 'sessioninfo.Rmd'
--- re-building 'tests_and_coverage.Rmd' using rmarkdown
--- finished re-building 'tests_and_coverage.Rmd'
SUMMARY: processing the following files failed:
'engine.Rmd' 'objects.Rmd'
Error: Vignette re-building failed.
Execution halted
Flavor: r-devel-windows-x86_64
Version: 0.3.0
Check: re-building of vignette outputs
Result: ERROR
Error(s) in re-building vignettes:
--- re-building 'custom.Rmd' using rmarkdown
--- finished re-building 'custom.Rmd'
--- re-building 'documentation.Rmd' using rmarkdown
--- finished re-building 'documentation.Rmd'
--- re-building 'engine.Rmd' using rmarkdown
Warning in gsub(this, knitr::sew(tmp), code) :
TRE pattern compilation error 'Invalid back reference'
Quitting from lines 170-171 [unnamed-chunk-11] (engine.Rmd)
Error: processing vignette 'engine.Rmd' failed with diagnostics:
invalid regular expression 'D:\temp\2025_02_09_01_50_00_23347\RtmpG61tMJ\file14d2825d82169.png', reason 'Invalid back reference'
--- failed re-building 'engine.Rmd'
--- re-building 'objects.Rmd' using rmarkdown
Quitting from lines 56-62 [unnamed-chunk-5] (objects.Rmd)
Error: processing vignette 'objects.Rmd' failed with diagnostics:
invalid regular expression 'D:\temp\2025_02_09_01_50_00_23347\RtmpEHYi7p\file212744fc34be4.png', reason 'Invalid back reference'
--- failed re-building 'objects.Rmd'
--- re-building 'sessioninfo.Rmd' using rmarkdown
ERROR: Unknown command "TMPDIR=D:/temp/2025_02_09_01_50_00_23347/RtmpABaxX8/file2c7fcfdf4aca". Did you mean command "pandoc"?
--- finished re-building 'sessioninfo.Rmd'
--- re-building 'tests_and_coverage.Rmd' using rmarkdown
--- finished re-building 'tests_and_coverage.Rmd'
SUMMARY: processing the following files failed:
'engine.Rmd' 'objects.Rmd'
Error: Vignette re-building failed.
Execution halted
Flavor: r-release-windows-x86_64
Version: 0.3.0
Check: re-building of vignette outputs
Result: ERROR
Error(s) in re-building vignettes:
--- re-building 'custom.Rmd' using rmarkdown
--- finished re-building 'custom.Rmd'
--- re-building 'documentation.Rmd' using rmarkdown
--- finished re-building 'documentation.Rmd'
--- re-building 'engine.Rmd' using rmarkdown
Warning in gsub(this, knitr::sew(tmp), code) :
TRE pattern compilation error 'Invalid back reference'
Quitting from lines 170-171 [unnamed-chunk-11] (engine.Rmd)
Error: processing vignette 'engine.Rmd' failed with diagnostics:
invalid regular expression 'D:\temp\2025_02_08_01_50_00_3345\RtmpqaAkTG\file184784de071f8.png', reason 'Invalid back reference'
--- failed re-building 'engine.Rmd'
--- re-building 'objects.Rmd' using rmarkdown
Quitting from lines 56-62 [unnamed-chunk-5] (objects.Rmd)
Error: processing vignette 'objects.Rmd' failed with diagnostics:
invalid regular expression 'D:\temp\2025_02_08_01_50_00_3345\RtmpYFUBdh\filefde44ff51d45.png', reason 'Invalid back reference'
--- failed re-building 'objects.Rmd'
--- re-building 'sessioninfo.Rmd' using rmarkdown
ERROR: Unknown command "TMPDIR=D:/temp/2025_02_08_01_50_00_3345/Rtmp4yP99V/file2567468e176be". Did you mean command "preview"?
--- finished re-building 'sessioninfo.Rmd'
--- re-building 'tests_and_coverage.Rmd' using rmarkdown
--- finished re-building 'tests_and_coverage.Rmd'
SUMMARY: processing the following files failed:
'engine.Rmd' 'objects.Rmd'
Error: Vignette re-building failed.
Execution halted
Flavor: r-oldrel-windows-x86_64