Last updated on 2025-11-04 06:49:34 CET.
| Flavor | Version | Tinstall | Tcheck | Ttotal | Status | Flags | 
|---|---|---|---|---|---|---|
| r-devel-linux-x86_64-debian-clang | 0.3.0 | 41.89 | 33.80 | 75.69 | NOTE | |
| r-devel-linux-x86_64-debian-gcc | 0.3.0 | 28.98 | 26.81 | 55.79 | NOTE | |
| r-devel-linux-x86_64-fedora-clang | 0.3.0 | 92.00 | 29.20 | 121.20 | OK | |
| r-devel-linux-x86_64-fedora-gcc | 0.3.0 | 95.00 | 32.88 | 127.88 | OK | |
| r-devel-windows-x86_64 | 0.3.0 | 46.00 | 67.00 | 113.00 | OK | |
| r-patched-linux-x86_64 | 0.3.0 | 42.13 | 31.26 | 73.39 | OK | |
| r-release-linux-x86_64 | 0.3.0 | 42.20 | 31.11 | 73.31 | OK | |
| r-release-macos-arm64 | 0.3.0 | 19.00 | 20.00 | 39.00 | OK | |
| r-release-macos-x86_64 | 0.3.0 | 38.00 | 44.00 | 82.00 | OK | |
| r-release-windows-x86_64 | 0.3.0 | 46.00 | 66.00 | 112.00 | OK | |
| r-oldrel-macos-arm64 | 0.3.0 | 17.00 | 19.00 | 36.00 | NOTE | |
| r-oldrel-macos-x86_64 | 0.3.0 | 43.00 | 40.00 | 83.00 | NOTE | |
| r-oldrel-windows-x86_64 | 0.3.0 | 54.00 | 85.00 | 139.00 | OK | 
Version: 0.3.0
Check: CRAN incoming feasibility
Result: NOTE
  Maintainer: ‘Robert Adamek <robertadamek94@gmail.com>’
  
  The Description field contains
    covariance estimator in Adamek et al. (2020) <arXiv:2007.10952>. Also
    as described in Adamek et al. (2022) <arXiv:2209.03218>.
  Please refer to arXiv e-prints via their arXiv DOI <doi:10.48550/arXiv.YYMM.NNNNN>.
Flavors: r-devel-linux-x86_64-debian-clang, r-devel-linux-x86_64-debian-gcc
Version: 0.3.0
Check: installed package size
Result: NOTE
    installed size is  5.8Mb
    sub-directories of 1Mb or more:
      libs   5.7Mb
Flavors: r-oldrel-macos-arm64, r-oldrel-macos-x86_64