Last updated on 2024-08-16 06:49:58 CEST.
Flavor | Version | Tinstall | Tcheck | Ttotal | Status | Flags |
---|---|---|---|---|---|---|
r-devel-linux-x86_64-debian-clang | 0.1.13 | 9.23 | 98.54 | 107.77 | OK | |
r-devel-linux-x86_64-debian-gcc | 0.1.13 | 7.09 | 69.43 | 76.52 | OK | |
r-devel-linux-x86_64-fedora-clang | 0.1.13 | 174.12 | NOTE | |||
r-devel-linux-x86_64-fedora-gcc | 0.1.13 | 177.99 | NOTE | |||
r-devel-windows-x86_64 | 0.1.13 | 12.00 | 107.00 | 119.00 | OK | |
r-patched-linux-x86_64 | 0.1.13 | 11.11 | 92.55 | 103.66 | OK | |
r-release-linux-x86_64 | 0.1.13 | 10.83 | 93.72 | 104.55 | OK | |
r-release-macos-arm64 | 0.1.13 | 62.00 | OK | |||
r-release-macos-x86_64 | 0.1.13 | 83.00 | OK | |||
r-release-windows-x86_64 | 0.1.13 | 12.00 | 106.00 | 118.00 | OK | |
r-oldrel-macos-arm64 | 0.1.13 | 57.00 | OK | |||
r-oldrel-macos-x86_64 | 0.1.13 | 165.00 | OK | |||
r-oldrel-windows-x86_64 | 0.1.13 | 16.00 | 126.00 | 142.00 | OK |
Version: 0.1.13
Check: data for non-ASCII characters
Result: NOTE
Note: found 47 marked UTF-8 strings
Flavors: r-devel-linux-x86_64-fedora-clang, r-devel-linux-x86_64-fedora-gcc