Last updated on 2025-11-04 06:49:34 CET.
| Flavor | Version | Tinstall | Tcheck | Ttotal | Status | Flags | 
|---|---|---|---|---|---|---|
| r-devel-linux-x86_64-debian-clang | 1.1.1 | 68.25 | 95.38 | 163.63 | OK | |
| r-devel-linux-x86_64-debian-gcc | 1.1.1 | 47.75 | 66.87 | 114.62 | OK | |
| r-devel-linux-x86_64-fedora-clang | 1.1.1 | 127.00 | 148.75 | 275.75 | OK | |
| r-devel-linux-x86_64-fedora-gcc | 1.1.1 | 142.00 | 115.88 | 257.88 | OK | |
| r-devel-windows-x86_64 | 1.1.1 | 80.00 | 130.00 | 210.00 | OK | |
| r-patched-linux-x86_64 | 1.1.1 | 71.18 | 86.50 | 157.68 | OK | |
| r-release-linux-x86_64 | 1.1.1 | 68.09 | 88.29 | 156.38 | OK | |
| r-release-macos-arm64 | 1.1.1 | 28.00 | 42.00 | 70.00 | OK | |
| r-release-macos-x86_64 | 1.1.1 | 38.00 | 72.00 | 110.00 | OK | |
| r-release-windows-x86_64 | 1.1.1 | 74.00 | 131.00 | 205.00 | OK | |
| r-oldrel-macos-arm64 | 1.1.1 | 22.00 | 42.00 | 64.00 | NOTE | |
| r-oldrel-macos-x86_64 | 1.1.1 | 34.00 | 77.00 | 111.00 | NOTE | |
| r-oldrel-windows-x86_64 | 1.1.1 | 94.00 | 168.00 | 262.00 | OK | 
Version: 1.1.1
Check: installed package size
Result: NOTE
    installed size is  6.1Mb
    sub-directories of 1Mb or more:
      libs   5.3Mb
Flavors: r-oldrel-macos-arm64, r-oldrel-macos-x86_64