Last updated on 2025-11-26 05:51:32 CET.
| Flavor | Version | Tinstall | Tcheck | Ttotal | Status | Flags |
|---|---|---|---|---|---|---|
| r-devel-linux-x86_64-debian-clang | 0.0.1 | 18.58 | 67.57 | 86.15 | NOTE | |
| r-devel-linux-x86_64-debian-gcc | 0.0.1 | 12.81 | 52.37 | 65.18 | NOTE | |
| r-devel-linux-x86_64-fedora-clang | 0.0.1 | 43.00 | 93.87 | 136.87 | OK | |
| r-devel-linux-x86_64-fedora-gcc | 0.0.1 | 40.00 | 88.42 | 128.42 | OK | |
| r-devel-windows-x86_64 | 0.0.1 | 28.00 | 92.00 | 120.00 | OK | |
| r-patched-linux-x86_64 | 0.0.1 | 16.90 | 64.79 | 81.69 | OK | |
| r-release-linux-x86_64 | 0.0.1 | 17.59 | 64.62 | 82.21 | OK | |
| r-release-macos-arm64 | 0.0.1 | OK | ||||
| r-release-macos-x86_64 | 0.0.1 | 20.00 | 61.00 | 81.00 | OK | |
| r-release-windows-x86_64 | 0.0.1 | 24.00 | 107.00 | 131.00 | OK | |
| r-oldrel-macos-arm64 | 0.0.1 | NOTE | ||||
| r-oldrel-macos-x86_64 | 0.0.1 | 12.00 | 49.00 | 61.00 | NOTE | |
| r-oldrel-windows-x86_64 | 0.0.1 | 28.00 | 114.00 | 142.00 | NOTE |
Version: 0.0.1
Check: CRAN incoming feasibility
Result: NOTE
Maintainer: ‘Eckhard Liebscher <eckhard.liebscher@hs-merseburg.de>’
No Authors@R field in DESCRIPTION.
Please add one, modifying
Authors@R: person(given = "Eckhard",
family = "Liebscher",
role = c("aut", "cre"),
email = "eckhard.liebscher@hs-merseburg.de")
as necessary.
Flavors: r-devel-linux-x86_64-debian-clang, r-devel-linux-x86_64-debian-gcc
Version: 0.0.1
Check: LazyData
Result: NOTE
'LazyData' is specified without a 'data' directory
Flavors: r-oldrel-macos-arm64, r-oldrel-macos-x86_64, r-oldrel-windows-x86_64