Last updated on 2024-06-29 06:49:39 CEST.
Flavor | Version | Tinstall | Tcheck | Ttotal | Status | Flags |
---|---|---|---|---|---|---|
r-devel-linux-x86_64-debian-clang | 0.1.0 | 7.49 | 154.91 | 162.40 | OK | |
r-devel-linux-x86_64-debian-gcc | 0.1.0 | 6.07 | 119.04 | 125.11 | OK | |
r-devel-linux-x86_64-fedora-clang | 0.1.0 | 211.12 | NOTE | |||
r-devel-linux-x86_64-fedora-gcc | 0.1.0 | 223.86 | NOTE | |||
r-devel-windows-x86_64 | 0.1.0 | 8.00 | 126.00 | 134.00 | OK | |
r-patched-linux-x86_64 | 0.1.0 | 12.87 | 149.72 | 162.59 | OK | |
r-release-linux-x86_64 | 0.1.0 | 6.07 | 153.64 | 159.71 | OK | |
r-release-macos-arm64 | 0.1.0 | 63.00 | OK | |||
r-release-macos-x86_64 | 0.1.0 | 95.00 | OK | |||
r-release-windows-x86_64 | 0.1.0 | 8.00 | 120.00 | 128.00 | OK | |
r-oldrel-macos-arm64 | 0.1.0 | 67.00 | OK | |||
r-oldrel-macos-x86_64 | 0.1.0 | 114.00 | OK | |||
r-oldrel-windows-x86_64 | 0.1.0 | 10.00 | 142.00 | 152.00 | OK |
Version: 0.1.0
Check: data for non-ASCII characters
Result: NOTE
Note: found 2534 marked UTF-8 strings
Flavors: r-devel-linux-x86_64-fedora-clang, r-devel-linux-x86_64-fedora-gcc