CRAN Package Check Results for Package denim

Last updated on 2025-06-30 18:49:39 CEST.

Flavor Version Tinstall Tcheck Ttotal Status Flags
r-devel-linux-x86_64-debian-clang 1.2.1 108.55 60.99 169.54 OK
r-devel-linux-x86_64-debian-gcc 1.2.1 81.30 49.34 130.64 OK
r-devel-linux-x86_64-fedora-clang 1.2.1 325.07 OK
r-devel-linux-x86_64-fedora-gcc 1.2.1 320.10 OK
r-devel-windows-x86_64 1.2.1 141.00 105.00 246.00 OK
r-patched-linux-x86_64 OK
r-release-linux-x86_64 1.2.1 113.20 56.96 170.16 OK
r-release-macos-arm64 1.2.1 91.00 OK
r-release-macos-x86_64 1.2.1 143.00 OK
r-release-windows-x86_64 1.2.1 135.00 106.00 241.00 OK
r-oldrel-macos-arm64 1.2.1 88.00 NOTE
r-oldrel-macos-x86_64 1.2.1 139.00 NOTE
r-oldrel-windows-x86_64 1.2.1 166.00 126.00 292.00 NOTE

Check Details

Version: 1.2.1
Check: installed package size
Result: NOTE installed size is 17.9Mb sub-directories of 1Mb or more: doc 3.2Mb help 1.4Mb libs 13.2Mb Flavors: r-oldrel-macos-arm64, r-oldrel-macos-x86_64, r-oldrel-windows-x86_64