CRAN Package Check Results for Package deepMOU

Last updated on 2025-05-15 18:50:45 CEST.

Flavor Version Tinstall Tcheck Ttotal Status Flags
r-devel-linux-x86_64-debian-clang 0.1.1 7.19 57.40 64.59 OK
r-devel-linux-x86_64-debian-gcc 0.1.1 5.19 42.07 47.26 OK
r-devel-linux-x86_64-fedora-clang 0.1.1 99.20 NOTE
r-devel-linux-x86_64-fedora-gcc 0.1.1 95.50 NOTE
r-devel-windows-x86_64 0.1.1 9.00 76.00 85.00 OK
r-patched-linux-x86_64 0.1.1 6.08 52.71 58.79 OK
r-release-linux-x86_64 0.1.1 6.58 53.12 59.70 OK
r-release-macos-arm64 0.1.1 39.00 OK
r-release-macos-x86_64 0.1.1 54.00 OK
r-release-windows-x86_64 0.1.1 10.00 74.00 84.00 OK
r-oldrel-macos-arm64 0.1.1 31.00 OK
r-oldrel-macos-x86_64 0.1.1 47.00 OK
r-oldrel-windows-x86_64 0.1.1 11.00 85.00 96.00 OK

Check Details

Version: 0.1.1
Check: dependencies in R code
Result: NOTE Namespace in Imports field not imported from: ‘dplyr’ All declared Imports should be used. Flavors: r-devel-linux-x86_64-fedora-clang, r-devel-linux-x86_64-fedora-gcc