Last updated on 2024-08-16 06:49:58 CEST.
Flavor | Version | Tinstall | Tcheck | Ttotal | Status | Flags |
---|---|---|---|---|---|---|
r-devel-linux-x86_64-debian-clang | 1.0 | 2.13 | 50.24 | 52.37 | OK | |
r-devel-linux-x86_64-debian-gcc | 1.0 | 2.56 | 37.48 | 40.04 | OK | |
r-devel-linux-x86_64-fedora-clang | 1.0 | 83.28 | NOTE | |||
r-devel-linux-x86_64-fedora-gcc | 1.0 | 83.01 | NOTE | |||
r-devel-windows-x86_64 | 1.0 | 5.00 | 78.00 | 83.00 | OK | |
r-patched-linux-x86_64 | 1.0 | 3.80 | 49.12 | 52.92 | OK | |
r-release-linux-x86_64 | 1.0 | 3.43 | 48.60 | 52.03 | OK | |
r-release-macos-arm64 | 1.0 | 32.00 | OK | |||
r-release-macos-x86_64 | 1.0 | 45.00 | OK | |||
r-release-windows-x86_64 | 1.0 | 6.00 | 75.00 | 81.00 | OK | |
r-oldrel-macos-arm64 | 1.0 | 34.00 | OK | |||
r-oldrel-macos-x86_64 | 1.0 | 53.00 | OK | |||
r-oldrel-windows-x86_64 | 1.0 | 5.00 | 80.00 | 85.00 | OK |
Version: 1.0
Check: dependencies in R code
Result: NOTE
Namespace in Imports field not imported from: ‘RColorBrewer’
All declared Imports should be used.
Flavors: r-devel-linux-x86_64-fedora-clang, r-devel-linux-x86_64-fedora-gcc