Last updated on 2025-02-05 17:49:54 CET.
Flavor | Version | Tinstall | Tcheck | Ttotal | Status | Flags |
---|---|---|---|---|---|---|
r-devel-linux-x86_64-debian-clang | 0.4-1 | 31.89 | 206.95 | 238.84 | NOTE | |
r-devel-linux-x86_64-debian-gcc | 0.4-1 | 21.81 | 150.48 | 172.29 | NOTE | |
r-devel-linux-x86_64-fedora-clang | 0.4-1 | 407.49 | OK | |||
r-devel-linux-x86_64-fedora-gcc | 0.4-1 | 381.06 | OK | |||
r-devel-windows-x86_64 | 0.4-1 | 24.00 | 207.00 | 231.00 | NOTE | |
r-patched-linux-x86_64 | 0.4-1 | 37.99 | 200.11 | 238.10 | OK | |
r-release-linux-x86_64 | 0.4-1 | 30.49 | 200.12 | 230.61 | OK | |
r-release-macos-arm64 | 0.4-1 | 93.00 | OK | |||
r-release-macos-x86_64 | 0.4-1 | 153.00 | OK | |||
r-release-windows-x86_64 | 0.4-1 | 23.00 | 203.00 | 226.00 | OK | |
r-oldrel-macos-arm64 | 0.4-1 | 80.00 | OK | |||
r-oldrel-macos-x86_64 | 0.4-1 | 199.00 | OK | |||
r-oldrel-windows-x86_64 | 0.4-1 | 31.00 | 251.00 | 282.00 | OK |
Version: 0.4-1
Check: Rd cross-references
Result: NOTE
Found the following Rd file(s) with Rd \link{} targets missing package
anchors:
dcFit-class.Rd: bugs.fit
gsFit-class.Rd: bugs.fit
Please provide package anchors for all Rd \link{} targets not in the
package itself and the base packages.
Flavors: r-devel-linux-x86_64-debian-clang, r-devel-linux-x86_64-debian-gcc, r-devel-windows-x86_64