Last updated on 2024-08-16 06:49:58 CEST.
Flavor | Version | Tinstall | Tcheck | Ttotal | Status | Flags |
---|---|---|---|---|---|---|
r-devel-linux-x86_64-debian-clang | 1.2-0 | 90.03 | 98.71 | 188.74 | OK | |
r-devel-linux-x86_64-debian-gcc | 1.2-0 | 72.01 | 70.45 | 142.46 | OK | |
r-devel-linux-x86_64-fedora-clang | 1.2-0 | 387.67 | OK | |||
r-devel-linux-x86_64-fedora-gcc | 1.2-0 | 394.49 | OK | |||
r-devel-windows-x86_64 | 1.2-0 | 112.00 | 162.00 | 274.00 | OK | |
r-patched-linux-x86_64 | 1.2-0 | 93.69 | 93.45 | 187.14 | OK | |
r-release-linux-x86_64 | 1.2-0 | 92.17 | 94.63 | 186.80 | OK | |
r-release-macos-arm64 | 1.2-0 | 115.00 | NOTE | |||
r-release-macos-x86_64 | 1.2-0 | 222.00 | NOTE | |||
r-release-windows-x86_64 | 1.2-0 | 120.00 | 162.00 | 282.00 | OK | |
r-oldrel-macos-arm64 | 1.2-0 | 123.00 | NOTE | |||
r-oldrel-macos-x86_64 | 1.2-0 | 234.00 | NOTE | |||
r-oldrel-windows-x86_64 | 1.2-0 | 128.00 | 172.00 | 300.00 | OK |
Version: 1.2-0
Check: installed package size
Result: NOTE
installed size is 9.7Mb
sub-directories of 1Mb or more:
doc 2.6Mb
libs 6.5Mb
Flavors: r-release-macos-arm64, r-release-macos-x86_64, r-oldrel-macos-arm64, r-oldrel-macos-x86_64