CRAN Package Check Results for Package dbd

Last updated on 2025-02-10 17:49:08 CET.

Flavor Version Tinstall Tcheck Ttotal Status Flags
r-devel-linux-x86_64-debian-clang 0.0-22 3.24 45.80 49.04 NOTE
r-devel-linux-x86_64-debian-gcc 0.0-22 2.33 31.32 33.65 NOTE
r-devel-linux-x86_64-fedora-clang 0.0-22 86.45 NOTE
r-devel-linux-x86_64-fedora-gcc 0.0-22 75.41 NOTE
r-devel-windows-x86_64 0.0-22 6.00 72.00 78.00 NOTE
r-patched-linux-x86_64 0.0-22 4.59 43.06 47.65 NOTE
r-release-linux-x86_64 0.0-22 3.18 43.36 46.54 NOTE
r-release-macos-arm64 0.0-22 22.00 NOTE
r-release-macos-x86_64 0.0-22 37.00 NOTE
r-release-windows-x86_64 0.0-22 4.00 71.00 75.00 NOTE
r-oldrel-macos-arm64 0.0-22 25.00 OK
r-oldrel-macos-x86_64 0.0-22 39.00 OK
r-oldrel-windows-x86_64 0.0-22 6.00 76.00 82.00 OK

Check Details

Version: 0.0-22
Check: Rd files
Result: NOTE checkRd: (-1) plot.mleBb.Rd:48: Lost braces 48 | \ code{size} is extracted from argument \code{x}. | ^ Flavors: r-devel-linux-x86_64-debian-clang, r-devel-linux-x86_64-debian-gcc, r-devel-linux-x86_64-fedora-clang, r-devel-linux-x86_64-fedora-gcc, r-devel-windows-x86_64, r-patched-linux-x86_64, r-release-linux-x86_64, r-release-macos-arm64, r-release-macos-x86_64, r-release-windows-x86_64