Last updated on 2025-02-10 17:49:08 CET.
Flavor | Version | Tinstall | Tcheck | Ttotal | Status | Flags |
---|---|---|---|---|---|---|
r-devel-linux-x86_64-debian-clang | 1.0.2 | 6.43 | 180.61 | 187.04 | OK | |
r-devel-linux-x86_64-debian-gcc | 1.0.2 | 4.28 | 116.40 | 120.68 | OK | |
r-devel-linux-x86_64-fedora-clang | 1.0.2 | 323.74 | OK | |||
r-devel-linux-x86_64-fedora-gcc | 1.0.2 | 280.80 | OK | |||
r-devel-windows-x86_64 | 1.0.2 | 31.00 | 163.00 | 194.00 | OK | |
r-patched-linux-x86_64 | 1.0.2 | 5.87 | 165.29 | 171.16 | NOTE | |
r-release-linux-x86_64 | 1.0.2 | 6.33 | 165.89 | 172.22 | NOTE | |
r-release-macos-arm64 | 1.0.2 | 82.00 | OK | |||
r-release-macos-x86_64 | 1.0.2 | 144.00 | OK | |||
r-release-windows-x86_64 | 1.0.2 | 31.00 | 160.00 | 191.00 | OK | |
r-oldrel-macos-arm64 | 1.0.2 | 87.00 | OK | |||
r-oldrel-macos-x86_64 | 1.0.2 | 217.00 | OK | |||
r-oldrel-windows-x86_64 | 1.0.2 | 41.00 | 211.00 | 252.00 | OK |
Version: 1.0.2
Check: package dependencies
Result: NOTE
Package suggested but not available for checking: ‘dartR.captive’
Flavors: r-patched-linux-x86_64, r-release-linux-x86_64