CRAN Package Check Results for Package dam

Last updated on 2025-02-05 17:49:54 CET.

Flavor Version Tinstall Tcheck Ttotal Status Flags
r-devel-linux-x86_64-debian-clang 0.0.1 1.50 15.30 16.80 OK
r-devel-linux-x86_64-debian-gcc 0.0.1 1.27 12.87 14.14 OK
r-devel-linux-x86_64-fedora-clang 0.0.1 28.82 OK
r-devel-linux-x86_64-fedora-gcc 0.0.1 26.14 OK
r-devel-windows-x86_64 0.0.1 3.00 33.00 36.00 OK
r-patched-linux-x86_64 0.0.1 1.34 14.76 16.10 NOTE
r-release-linux-x86_64 0.0.1 1.35 14.93 16.28 NOTE
r-release-macos-arm64 0.0.1 13.00 NOTE
r-release-macos-x86_64 0.0.1 20.00 NOTE
r-release-windows-x86_64 0.0.1 2.00 34.00 36.00 NOTE
r-oldrel-macos-arm64 0.0.1 14.00 NOTE
r-oldrel-macos-x86_64 0.0.1 19.00 NOTE
r-oldrel-windows-x86_64 0.0.1 2.00 33.00 35.00 NOTE

Check Details

Version: 0.0.1
Check: LazyData
Result: NOTE 'LazyData' is specified without a 'data' directory Flavors: r-patched-linux-x86_64, r-release-linux-x86_64, r-release-macos-arm64, r-release-macos-x86_64, r-release-windows-x86_64, r-oldrel-macos-arm64, r-oldrel-macos-x86_64, r-oldrel-windows-x86_64