CRAN Package Check Results for Package cytofan

Last updated on 2025-02-05 17:49:54 CET.

Flavor Version Tinstall Tcheck Ttotal Status Flags
r-devel-linux-x86_64-debian-clang 0.1.0 3.94 68.54 72.48 NOTE
r-devel-linux-x86_64-debian-gcc 0.1.0 3.29 48.86 52.15 NOTE
r-devel-linux-x86_64-fedora-clang 0.1.0 126.53 OK
r-devel-linux-x86_64-fedora-gcc 0.1.0 122.73 OK
r-devel-windows-x86_64 0.1.0 6.00 78.00 84.00 NOTE
r-patched-linux-x86_64 0.1.0 7.95 64.16 72.11 NOTE
r-release-linux-x86_64 0.1.0 2.89 64.88 67.77 NOTE
r-release-macos-arm64 0.1.0 41.00 NOTE
r-release-macos-x86_64 0.1.0 61.00 NOTE
r-release-windows-x86_64 0.1.0 6.00 75.00 81.00 NOTE
r-oldrel-macos-arm64 0.1.0 40.00 NOTE
r-oldrel-macos-x86_64 0.1.0 68.00 NOTE
r-oldrel-windows-x86_64 0.1.0 7.00 92.00 99.00 NOTE

Check Details

Version: 0.1.0
Check: Rd cross-references
Result: NOTE Found the following Rd file(s) with Rd \link{} targets missing package anchors: geom_fan.Rd: aes, aes_, ggplot, fortify, borders, layer Please provide package anchors for all Rd \link{} targets not in the package itself and the base packages. Flavors: r-devel-linux-x86_64-debian-clang, r-devel-linux-x86_64-debian-gcc, r-devel-windows-x86_64

Version: 0.1.0
Check: LazyData
Result: NOTE 'LazyData' is specified without a 'data' directory Flavors: r-patched-linux-x86_64, r-release-linux-x86_64, r-release-macos-arm64, r-release-macos-x86_64, r-release-windows-x86_64, r-oldrel-macos-arm64, r-oldrel-macos-x86_64, r-oldrel-windows-x86_64