Last updated on 2025-11-26 05:51:31 CET.
| Flavor | Version | Tinstall | Tcheck | Ttotal | Status | Flags |
|---|---|---|---|---|---|---|
| r-devel-linux-x86_64-debian-clang | 1.0.3 | 0.35 | 2.99 | 3.34 | ERROR | |
| r-devel-linux-x86_64-debian-gcc | 1.0.3 | 0.31 | 2.44 | 2.75 | ERROR | |
| r-devel-linux-x86_64-fedora-clang | 1.0.3 | 2.58 | ERROR | |||
| r-devel-linux-x86_64-fedora-gcc | 1.0.3 | 2.54 | ERROR | |||
| r-devel-windows-x86_64 | 1.0.3 | 8.00 | 47.00 | 55.00 | OK | |
| r-patched-linux-x86_64 | 1.0.3 | 2.74 | 24.55 | 27.29 | OK | |
| r-release-linux-x86_64 | 1.0.3 | 2.38 | 24.36 | 26.74 | OK | |
| r-release-macos-arm64 | 1.0.3 | OK | ||||
| r-release-macos-x86_64 | 1.0.3 | 2.00 | 26.00 | 28.00 | OK | |
| r-release-windows-x86_64 | 1.0.3 | 5.00 | 44.00 | 49.00 | OK | |
| r-oldrel-macos-arm64 | 1.0.3 | OK | ||||
| r-oldrel-macos-x86_64 | 1.0.3 | 2.00 | 30.00 | 32.00 | OK | |
| r-oldrel-windows-x86_64 | 1.0.3 | 8.00 | 51.00 | 59.00 | OK |
Version: 1.0.3
Check: package dependencies
Result: ERROR
Package required but not available: ‘geojsonsf’
See section ‘The DESCRIPTION file’ in the ‘Writing R Extensions’
manual.
Flavors: r-devel-linux-x86_64-debian-clang, r-devel-linux-x86_64-debian-gcc, r-devel-linux-x86_64-fedora-clang, r-devel-linux-x86_64-fedora-gcc