Last updated on 2025-11-04 06:49:33 CET.
| Flavor | Version | Tinstall | Tcheck | Ttotal | Status | Flags | 
|---|---|---|---|---|---|---|
| r-devel-linux-x86_64-debian-clang | 3.10.4 | 1251.92 | 416.55 | 1668.47 | OK | |
| r-devel-linux-x86_64-debian-gcc | 3.10.4 | 1033.13 | 329.27 | 1362.40 | OK | |
| r-devel-linux-x86_64-fedora-clang | 3.10.4 | 1740.00 | 290.45 | 2030.45 | OK | |
| r-devel-linux-x86_64-fedora-gcc | 3.10.4 | 2940.00 | -11.32 | 2928.68 | OK | |
| r-devel-windows-x86_64 | 3.10.4 | 1053.00 | 421.00 | 1474.00 | OK | --no-vignettes | 
| r-patched-linux-x86_64 | 3.10.4 | 1256.57 | 462.37 | 1718.94 | OK | |
| r-release-linux-x86_64 | 3.10.4 | 1316.03 | 443.66 | 1759.69 | OK | |
| r-release-macos-arm64 | 3.10.4 | 402.00 | 166.00 | 568.00 | OK | |
| r-release-windows-x86_64 | 3.10.4 | 985.00 | 420.00 | 1405.00 | OK | --no-vignettes | 
| r-oldrel-macos-arm64 | 3.10.4 | 396.00 | 140.00 | 536.00 | NOTE | |
| r-oldrel-windows-x86_64 | 3.10.4 | 1115.00 | 492.00 | 1607.00 | NOTE | --no-vignettes | 
Version: 3.10.4
Check: installed package size
Result: NOTE
    installed size is 201.7Mb
    sub-directories of 1Mb or more:
      R       2.0Mb
      data    1.7Mb
      libs  196.6Mb
Flavor: r-oldrel-macos-arm64
Version: 3.10.4
Check: for GNU extensions in Makefiles
Result: NOTE
  GNU make is a SystemRequirements.
Flavor: r-oldrel-macos-arm64
Version: 3.10.4
Flags: --no-vignettes
Check: installed package size
Result: NOTE
    installed size is 11.7Mb
    sub-directories of 1Mb or more:
      R      1.2Mb
      data   1.7Mb
      libs   7.5Mb
Flavor: r-oldrel-windows-x86_64