Last updated on 2024-06-15 17:57:30 CEST.
Flavor | Version | Tinstall | Tcheck | Ttotal | Status | Flags |
---|---|---|---|---|---|---|
r-devel-linux-x86_64-debian-clang | 1.18.0 | 16.36 | 94.78 | 111.14 | OK | |
r-devel-linux-x86_64-debian-gcc | 1.18.0 | 9.58 | 68.97 | 78.55 | OK | |
r-devel-linux-x86_64-fedora-clang | 1.18.0 | 138.68 | NOTE | |||
r-devel-linux-x86_64-fedora-gcc | 1.18.0 | 148.36 | OK | |||
r-devel-windows-x86_64 | 1.18.0 | 10.00 | 84.00 | 94.00 | NOTE | |
r-patched-linux-x86_64 | 1.18.0 | 12.37 | 89.59 | 101.96 | OK | |
r-release-linux-x86_64 | 1.18.0 | 10.81 | 89.88 | 100.69 | OK | |
r-release-macos-arm64 | 1.18.0 | 47.00 | NOTE | |||
r-release-macos-x86_64 | 1.18.0 | 75.00 | NOTE | |||
r-release-windows-x86_64 | 1.18.0 | 13.00 | 86.00 | 99.00 | NOTE | |
r-oldrel-macos-arm64 | 1.18.0 | 57.00 | NOTE | |||
r-oldrel-macos-x86_64 | 1.18.0 | 92.00 | NOTE | |||
r-oldrel-windows-x86_64 | 1.18.0 | 15.00 | 101.00 | 116.00 | NOTE |
Version: 1.18.0
Check: installed package size
Result: NOTE
installed size is 5.1Mb
sub-directories of 1Mb or more:
extdata 3.0Mb
Flavors: r-devel-linux-x86_64-fedora-clang, r-devel-windows-x86_64, r-release-macos-arm64, r-release-macos-x86_64, r-release-windows-x86_64, r-oldrel-macos-arm64, r-oldrel-macos-x86_64, r-oldrel-windows-x86_64