Last updated on 2025-02-10 17:49:08 CET.
Flavor | Version | Tinstall | Tcheck | Ttotal | Status | Flags |
---|---|---|---|---|---|---|
r-devel-linux-x86_64-debian-clang | 0.1.0 | 9.87 | 82.77 | 92.64 | OK | |
r-devel-linux-x86_64-debian-gcc | 0.1.0 | 7.48 | 59.99 | 67.47 | OK | |
r-devel-linux-x86_64-fedora-clang | 0.1.0 | 167.12 | OK | |||
r-devel-linux-x86_64-fedora-gcc | 0.1.0 | 151.49 | OK | |||
r-devel-windows-x86_64 | 0.1.0 | 12.00 | 90.00 | 102.00 | OK | |
r-patched-linux-x86_64 | 0.1.0 | 8.34 | 76.97 | 85.31 | NOTE | |
r-release-linux-x86_64 | 0.1.0 | 9.53 | 77.62 | 87.15 | NOTE | |
r-release-macos-arm64 | 0.1.0 | 35.00 | NOTE | |||
r-release-macos-x86_64 | 0.1.0 | 52.00 | NOTE | |||
r-release-windows-x86_64 | 0.1.0 | 13.00 | 88.00 | 101.00 | NOTE | |
r-oldrel-macos-arm64 | 0.1.0 | 39.00 | NOTE | |||
r-oldrel-macos-x86_64 | 0.1.0 | 64.00 | NOTE | |||
r-oldrel-windows-x86_64 | 0.1.0 | 15.00 | 110.00 | 125.00 | NOTE |
Version: 0.1.0
Check: LazyData
Result: NOTE
'LazyData' is specified without a 'data' directory
Flavors: r-patched-linux-x86_64, r-release-linux-x86_64, r-release-macos-arm64, r-release-macos-x86_64, r-release-windows-x86_64, r-oldrel-macos-arm64, r-oldrel-macos-x86_64, r-oldrel-windows-x86_64