Last updated on 2025-11-26 05:51:31 CET.
| Flavor | Version | Tinstall | Tcheck | Ttotal | Status | Flags |
|---|---|---|---|---|---|---|
| r-devel-linux-x86_64-debian-clang | 2.0 | 0.35 | 2.29 | 2.64 | ERROR | |
| r-devel-linux-x86_64-debian-gcc | 2.0 | 0.28 | 1.66 | 1.94 | ERROR | |
| r-devel-linux-x86_64-fedora-clang | 2.0 | 2.39 | ERROR | |||
| r-devel-linux-x86_64-fedora-gcc | 2.0 | 2.50 | ERROR | |||
| r-devel-windows-x86_64 | 2.0 | 11.00 | 54.00 | 65.00 | OK | |
| r-patched-linux-x86_64 | 2.0 | 5.14 | 43.24 | 48.38 | OK | |
| r-release-linux-x86_64 | 2.0 | 4.76 | 43.58 | 48.34 | OK | |
| r-release-macos-arm64 | 2.0 | OK | ||||
| r-release-macos-x86_64 | 2.0 | 5.00 | 57.00 | 62.00 | OK | |
| r-release-windows-x86_64 | 2.0 | 7.00 | 55.00 | 62.00 | OK | |
| r-oldrel-macos-arm64 | 2.0 | OK | ||||
| r-oldrel-macos-x86_64 | 2.0 | 4.00 | 39.00 | 43.00 | OK | |
| r-oldrel-windows-x86_64 | 2.0 | 9.00 | 68.00 | 77.00 | OK |
Version: 2.0
Check: package dependencies
Result: ERROR
Package required but not available: ‘rmapshaper’
See section ‘The DESCRIPTION file’ in the ‘Writing R Extensions’
manual.
Flavors: r-devel-linux-x86_64-debian-clang, r-devel-linux-x86_64-debian-gcc, r-devel-linux-x86_64-fedora-clang, r-devel-linux-x86_64-fedora-gcc