Last updated on 2025-11-26 05:51:31 CET.
| Flavor | Version | Tinstall | Tcheck | Ttotal | Status | Flags |
|---|---|---|---|---|---|---|
| r-devel-linux-x86_64-debian-clang | 0.4 | 0.36 | 2.96 | 3.32 | ERROR | |
| r-devel-linux-x86_64-debian-gcc | 0.4 | 0.30 | 2.26 | 2.56 | ERROR | |
| r-devel-linux-x86_64-fedora-clang | 0.4 | 4.32 | ERROR | |||
| r-devel-linux-x86_64-fedora-gcc | 0.4 | 4.29 | ERROR | |||
| r-devel-windows-x86_64 | 0.4 | 44.00 | 213.00 | 257.00 | OK | |
| r-patched-linux-x86_64 | 0.4 | 38.68 | 266.87 | 305.55 | OK | |
| r-release-linux-x86_64 | 0.4 | 42.31 | 270.06 | 312.37 | OK | |
| r-release-macos-arm64 | 0.4 | OK | ||||
| r-release-macos-x86_64 | 0.4 | 35.00 | 196.00 | 231.00 | OK | |
| r-release-windows-x86_64 | 0.4 | 40.00 | 215.00 | 255.00 | OK | |
| r-oldrel-macos-arm64 | 0.4 | NOTE | ||||
| r-oldrel-macos-x86_64 | 0.4 | 26.00 | 141.00 | 167.00 | NOTE | |
| r-oldrel-windows-x86_64 | 0.4 | 51.00 | 300.00 | 351.00 | NOTE |
Version: 0.4
Check: package dependencies
Result: ERROR
Package required but not available: ‘mapview’
Package suggested but not available for checking: ‘mapboxapi’
See section ‘The DESCRIPTION file’ in the ‘Writing R Extensions’
manual.
Flavors: r-devel-linux-x86_64-debian-clang, r-devel-linux-x86_64-debian-gcc, r-devel-linux-x86_64-fedora-clang, r-devel-linux-x86_64-fedora-gcc
Version: 0.4
Check: installed package size
Result: NOTE
installed size is 6.8Mb
sub-directories of 1Mb or more:
data 6.7Mb
Flavors: r-oldrel-macos-arm64, r-oldrel-macos-x86_64, r-oldrel-windows-x86_64