Last updated on 2024-06-15 17:57:30 CEST.
Flavor | Version | Tinstall | Tcheck | Ttotal | Status | Flags |
---|---|---|---|---|---|---|
r-devel-linux-x86_64-debian-clang | 1.2.0 | 20.20 | 383.17 | 403.37 | OK | |
r-devel-linux-x86_64-debian-gcc | 1.2.0 | 17.07 | 302.36 | 319.43 | OK | |
r-devel-linux-x86_64-fedora-clang | 1.2.0 | 510.92 | NOTE | |||
r-devel-linux-x86_64-fedora-gcc | 1.2.0 | 497.97 | OK | |||
r-devel-windows-x86_64 | 1.2.0 | 17.00 | 454.00 | 471.00 | OK | |
r-patched-linux-x86_64 | 1.2.0 | 22.54 | 386.71 | 409.25 | OK | |
r-release-linux-x86_64 | 1.2.0 | 18.24 | 374.82 | 393.06 | OK | |
r-release-macos-arm64 | 1.2.0 | 131.00 | OK | |||
r-release-macos-x86_64 | 1.2.0 | 204.00 | OK | |||
r-release-windows-x86_64 | 1.2.0 | 18.00 | 452.00 | 470.00 | OK | |
r-oldrel-macos-arm64 | 1.2.0 | 121.00 | OK | |||
r-oldrel-macos-x86_64 | 1.2.0 | 246.00 | OK | |||
r-oldrel-windows-x86_64 | 1.2.0 | 23.00 | 464.00 | 487.00 | OK |
Version: 1.2.0
Check: Rd cross-references
Result: NOTE
Undeclared package ‘R2jags’ in Rd xrefs
Flavor: r-devel-linux-x86_64-fedora-clang