Last updated on 2025-02-10 17:49:08 CET.
Flavor | Version | Tinstall | Tcheck | Ttotal | Status | Flags |
---|---|---|---|---|---|---|
r-devel-linux-x86_64-debian-clang | 0.3.3 | 14.82 | 146.49 | 161.31 | NOTE | |
r-devel-linux-x86_64-debian-gcc | 0.3.3 | 10.13 | 104.75 | 114.88 | NOTE | |
r-devel-linux-x86_64-fedora-clang | 0.3.3 | 265.59 | NOTE | |||
r-devel-linux-x86_64-fedora-gcc | 0.3.3 | 263.67 | NOTE | |||
r-devel-windows-x86_64 | 0.3.3 | 14.00 | 159.00 | 173.00 | NOTE | |
r-patched-linux-x86_64 | 0.3.3 | 19.44 | 138.23 | 157.67 | OK | |
r-release-linux-x86_64 | 0.3.3 | 12.74 | 136.26 | 149.00 | OK | |
r-release-macos-arm64 | 0.3.3 | 75.00 | OK | |||
r-release-macos-x86_64 | 0.3.3 | 114.00 | OK | |||
r-release-windows-x86_64 | 0.3.3 | 14.00 | 156.00 | 170.00 | OK | |
r-oldrel-macos-arm64 | 0.3.3 | 86.00 | OK | |||
r-oldrel-macos-x86_64 | 0.3.3 | 122.00 | OK | |||
r-oldrel-windows-x86_64 | 0.3.3 | 20.00 | 191.00 | 211.00 | OK |
Version: 0.3.3
Check: Rd cross-references
Result: NOTE
Found the following Rd file(s) with Rd \link{} targets missing package
anchors:
coxed.Rd: mgcv, rms
coxed.gam.Rd: mgcv
coxed.gam.tvc.Rd: mgcv
Please provide package anchors for all Rd \link{} targets not in the
package itself and the base packages.
Flavors: r-devel-linux-x86_64-debian-clang, r-devel-linux-x86_64-debian-gcc, r-devel-windows-x86_64
Version: 0.3.3
Check: dependencies in R code
Result: NOTE
Namespace in Imports field not imported from: ‘mediation’
All declared Imports should be used.
Flavors: r-devel-linux-x86_64-fedora-clang, r-devel-linux-x86_64-fedora-gcc