Last updated on 2025-11-26 05:51:31 CET.
| Flavor | Version | Tinstall | Tcheck | Ttotal | Status | Flags |
|---|---|---|---|---|---|---|
| r-devel-linux-x86_64-debian-clang | 1.0.0 | 21.00 | 27.71 | 48.71 | OK | |
| r-devel-linux-x86_64-debian-gcc | 1.0.0 | 13.16 | 22.50 | 35.66 | OK | |
| r-devel-linux-x86_64-fedora-clang | 1.0.0 | 47.00 | 24.30 | 71.30 | NOTE | |
| r-devel-linux-x86_64-fedora-gcc | 1.0.0 | 50.00 | 33.58 | 83.58 | NOTE | |
| r-devel-windows-x86_64 | 1.0.0 | 26.00 | 49.00 | 75.00 | OK | |
| r-patched-linux-x86_64 | 1.0.0 | 20.49 | 25.12 | 45.61 | OK | |
| r-release-linux-x86_64 | 1.0.0 | 20.25 | 25.37 | 45.62 | OK | |
| r-release-macos-arm64 | 1.0.0 | OK | ||||
| r-release-macos-x86_64 | 1.0.0 | 28.00 | 47.00 | 75.00 | OK | |
| r-release-windows-x86_64 | 1.0.0 | 23.00 | 46.00 | 69.00 | OK | |
| r-oldrel-macos-arm64 | 1.0.0 | NOTE | ||||
| r-oldrel-macos-x86_64 | 1.0.0 | 21.00 | 34.00 | 55.00 | NOTE | |
| r-oldrel-windows-x86_64 | 1.0.0 | 29.00 | 53.00 | 82.00 | NOTE |
Version: 1.0.0
Check: dependencies in R code
Result: NOTE
Namespace in Imports field not imported from: ‘usethis’
All declared Imports should be used.
Flavors: r-devel-linux-x86_64-fedora-clang, r-devel-linux-x86_64-fedora-gcc
Version: 1.0.0
Check: installed package size
Result: NOTE
installed size is 5.9Mb
sub-directories of 1Mb or more:
help 4.7Mb
Flavors: r-oldrel-macos-arm64, r-oldrel-macos-x86_64, r-oldrel-windows-x86_64