Last updated on 2024-08-16 06:49:58 CEST.
Flavor | Version | Tinstall | Tcheck | Ttotal | Status | Flags |
---|---|---|---|---|---|---|
r-devel-linux-x86_64-debian-clang | 1.0.4 | 2.89 | 178.32 | 181.21 | NOTE | |
r-devel-linux-x86_64-debian-gcc | 1.0.4 | 2.24 | 132.94 | 135.18 | NOTE | |
r-devel-linux-x86_64-fedora-clang | 1.0.4 | 282.29 | OK | |||
r-devel-linux-x86_64-fedora-gcc | 1.0.4 | 287.77 | OK | |||
r-devel-windows-x86_64 | 1.0.4 | 6.00 | 142.00 | 148.00 | NOTE | |
r-patched-linux-x86_64 | 1.0.4 | 6.55 | 152.71 | 159.26 | OK | |
r-release-linux-x86_64 | 1.0.4 | 2.84 | 174.35 | 177.19 | OK | |
r-release-macos-arm64 | 1.0.4 | 68.00 | OK | |||
r-release-macos-x86_64 | 1.0.4 | 96.00 | OK | |||
r-release-windows-x86_64 | 1.0.4 | 6.00 | 141.00 | 147.00 | OK | |
r-oldrel-macos-arm64 | 1.0.4 | 79.00 | OK | |||
r-oldrel-macos-x86_64 | 1.0.4 | 112.00 | OK | |||
r-oldrel-windows-x86_64 | 1.0.4 | 6.00 | 160.00 | 166.00 | OK |
Version: 1.0.4
Check: Rd cross-references
Result: NOTE
Found the following Rd file(s) with Rd \link{} targets missing package
anchors:
corrgrapher.Rd: visNetwork
plot.corrgrapher.Rd: visNetwork
Please provide package anchors for all Rd \link{} targets not in the
package itself and the base packages.
Flavors: r-devel-linux-x86_64-debian-clang, r-devel-linux-x86_64-debian-gcc, r-devel-windows-x86_64