Last updated on 2025-02-10 17:49:08 CET.
Flavor | Version | Tinstall | Tcheck | Ttotal | Status | Flags |
---|---|---|---|---|---|---|
r-devel-linux-x86_64-debian-clang | 1.14 | 2.37 | 67.66 | 70.03 | OK | |
r-devel-linux-x86_64-debian-gcc | 1.14 | 1.77 | 48.95 | 50.72 | OK | |
r-devel-linux-x86_64-fedora-clang | 1.14 | 115.18 | OK | |||
r-devel-linux-x86_64-fedora-gcc | 1.14 | 135.68 | OK | |||
r-devel-windows-x86_64 | 1.14 | 4.00 | 79.00 | 83.00 | OK | |
r-patched-linux-x86_64 | 1.14 | 2.45 | 64.74 | 67.19 | OK | |
r-release-linux-x86_64 | 1.14 | 2.25 | 65.89 | 68.14 | OK | |
r-release-macos-arm64 | 1.14 | 54.00 | OK | |||
r-release-macos-x86_64 | 1.14 | 67.00 | OK | |||
r-release-windows-x86_64 | 1.14 | 4.00 | 83.00 | 87.00 | OK | |
r-oldrel-macos-arm64 | 1.14 | 52.00 | OK | |||
r-oldrel-macos-x86_64 | 1.14 | 82.00 | OK | |||
r-oldrel-windows-x86_64 | 1.14 | 3.00 | 91.00 | 94.00 | ERROR |
Version: 1.14
Check: re-building of vignette outputs
Result: ERROR
Error(s) in re-building vignettes:
--- re-building 'corrgram_cov2cor.Rmd' using rmarkdown
--- finished re-building 'corrgram_cov2cor.Rmd'
--- re-building 'corrgram_examples.Rmd' using rmarkdown
Quitting from lines 225-242 [unnamed-chunk-1] (corrgram_examples.Rmd)
Error: processing vignette 'corrgram_examples.Rmd' failed with diagnostics:
cannot open the connection to 'https://github.com/alexanderrobitzsch/sirt/blob/master/data/data.ratings3.rda?raw=true'
--- failed re-building 'corrgram_examples.Rmd'
SUMMARY: processing the following file failed:
'corrgram_examples.Rmd'
Error: Vignette re-building failed.
Execution halted
Flavor: r-oldrel-windows-x86_64