Last updated on 2025-11-04 06:49:33 CET.
| Flavor | Version | Tinstall | Tcheck | Ttotal | Status | Flags | 
|---|---|---|---|---|---|---|
| r-devel-linux-x86_64-debian-clang | 0.1.0 | 12.10 | 171.54 | 183.64 | NOTE | |
| r-devel-linux-x86_64-debian-gcc | 0.1.0 | 7.64 | 116.31 | 123.95 | NOTE | |
| r-devel-linux-x86_64-fedora-clang | 0.1.0 | 27.00 | 240.30 | 267.30 | NOTE | |
| r-devel-linux-x86_64-fedora-gcc | 0.1.0 | 28.00 | 255.22 | 283.22 | NOTE | |
| r-devel-windows-x86_64 | 0.1.0 | 18.00 | 154.00 | 172.00 | NOTE | |
| r-patched-linux-x86_64 | 0.1.0 | 11.52 | 156.14 | 167.66 | NOTE | |
| r-release-linux-x86_64 | 0.1.0 | 11.97 | 157.13 | 169.10 | NOTE | |
| r-release-macos-arm64 | 0.1.0 | 4.00 | 61.00 | 65.00 | NOTE | |
| r-release-macos-x86_64 | 0.1.0 | 9.00 | 126.00 | 135.00 | NOTE | |
| r-release-windows-x86_64 | 0.1.0 | 15.00 | 153.00 | 168.00 | NOTE | |
| r-oldrel-macos-arm64 | 0.1.0 | 5.00 | 59.00 | 64.00 | NOTE | |
| r-oldrel-macos-x86_64 | 0.1.0 | 7.00 | 95.00 | 102.00 | NOTE | |
| r-oldrel-windows-x86_64 | 0.1.0 | 19.00 | 215.00 | 234.00 | NOTE | 
Version: 0.1.0
Check: CRAN incoming feasibility
Result: NOTE
  Maintainer: ‘Alan Inglis <alan.n.inglis@gmail.com>’
  
  No Authors@R field in DESCRIPTION.
  Please add one, modifying
    Authors@R: person(given = "Alan",
                      family = "Inglis",
                      role = c("aut", "cre"),
                      email = "alan.n.inglis@gmail.com")
  as necessary.
Flavors: r-devel-linux-x86_64-debian-clang, r-devel-linux-x86_64-debian-gcc
Version: 0.1.0
Check: DESCRIPTION meta-information
Result: NOTE
    Missing dependency on R >= 4.1.0 because package code uses the pipe
    |> or function shorthand \(...) syntax added in R 4.1.0.
    File(s) using such syntax:
      ‘corrBarplot.R’ ‘corrNetwork.R’
Flavors: r-devel-linux-x86_64-debian-clang, r-devel-linux-x86_64-debian-gcc, r-devel-linux-x86_64-fedora-clang, r-devel-linux-x86_64-fedora-gcc, r-devel-windows-x86_64, r-patched-linux-x86_64, r-release-linux-x86_64, r-release-macos-arm64, r-release-macos-x86_64, r-release-windows-x86_64
Version: 0.1.0
Check: installed package size
Result: NOTE
    installed size is  7.2Mb
    sub-directories of 1Mb or more:
      doc   6.7Mb
Flavors: r-oldrel-macos-arm64, r-oldrel-macos-x86_64, r-oldrel-windows-x86_64