Last updated on 2025-11-26 05:51:31 CET.
| Flavor | Version | Tinstall | Tcheck | Ttotal | Status | Flags |
|---|---|---|---|---|---|---|
| r-devel-linux-x86_64-debian-clang | 1.1 | 6.33 | 58.20 | 64.53 | NOTE | |
| r-devel-linux-x86_64-debian-gcc | 1.1 | 5.09 | 41.78 | 46.87 | NOTE | |
| r-devel-linux-x86_64-fedora-clang | 1.1 | 14.00 | 80.05 | 94.05 | OK | |
| r-devel-linux-x86_64-fedora-gcc | 1.1 | 13.00 | 75.20 | 88.20 | OK | |
| r-devel-windows-x86_64 | 1.1 | 9.00 | 69.00 | 78.00 | OK | |
| r-patched-linux-x86_64 | 1.1 | 5.81 | 54.96 | 60.77 | OK | |
| r-release-linux-x86_64 | 1.1 | 5.39 | 54.38 | 59.77 | OK | |
| r-release-macos-arm64 | 1.1 | OK | ||||
| r-release-macos-x86_64 | 1.1 | 6.00 | 56.00 | 62.00 | OK | |
| r-release-windows-x86_64 | 1.1 | 9.00 | 68.00 | 77.00 | OK | |
| r-oldrel-macos-arm64 | 1.1 | OK | ||||
| r-oldrel-macos-x86_64 | 1.1 | 7.00 | 33.00 | 40.00 | OK | |
| r-oldrel-windows-x86_64 | 1.1 | 12.00 | 84.00 | 96.00 | OK |
Version: 1.1
Check: CRAN incoming feasibility
Result: NOTE
Maintainer: ‘Santhosh Sasanapuri <santhosh458@gmail.com>’
No Authors@R field in DESCRIPTION.
Please add one, modifying
Authors@R: c(person(given = "Navin",
family = "Loganathan",
role = "aut"),
person(given = "Mohan",
family = "Manivannan",
role = "aut"),
person(given = "Santhosh",
family = "Sasanapuri",
role = c("aut", "cre"),
email = "santhosh458@gmail.com"),
person(given = "LatentView",
family = "Analytics",
role = "ctb"))
as necessary.
Flavors: r-devel-linux-x86_64-debian-clang, r-devel-linux-x86_64-debian-gcc