CRAN Package Check Results for Package conleyreg

Last updated on 2025-11-25 17:49:46 CET.

Flavor Version Tinstall Tcheck Ttotal Status Flags
r-devel-linux-x86_64-debian-clang 0.1.8 151.62 72.55 224.17 OK
r-devel-linux-x86_64-debian-gcc 0.1.8 103.68 51.97 155.65 OK
r-devel-linux-x86_64-fedora-clang 0.1.8 310.00 143.92 453.92 NOTE
r-devel-linux-x86_64-fedora-gcc 0.1.8 233.00 168.42 401.42 NOTE
r-devel-windows-x86_64 0.1.8 193.00 96.00 289.00 OK
r-patched-linux-x86_64 0.1.8 152.55 67.39 219.94 OK
r-release-linux-x86_64 0.1.8 154.17 68.30 222.47 OK
r-release-macos-arm64 0.1.8 OK
r-release-macos-x86_64 0.1.8 54.00 78.00 132.00 OK
r-release-windows-x86_64 0.1.8 178.00 108.00 286.00 OK
r-oldrel-macos-arm64 0.1.8 NOTE
r-oldrel-macos-x86_64 0.1.8 54.00 85.00 139.00 NOTE
r-oldrel-windows-x86_64 0.1.8 208.00 129.00 337.00 WARN

Check Details

Version: 0.1.8
Check: dependencies in R code
Result: NOTE Namespaces in Imports field not imported from: ‘lwgeom’ ‘s2’ All declared Imports should be used. Flavors: r-devel-linux-x86_64-fedora-clang, r-devel-linux-x86_64-fedora-gcc

Version: 0.1.8
Check: installed package size
Result: NOTE installed size is 10.9Mb sub-directories of 1Mb or more: libs 10.4Mb Flavors: r-oldrel-macos-arm64, r-oldrel-macos-x86_64

Version: 0.1.8
Check: whether package can be installed
Result: WARN Found the following significant warnings: dist_mat.cpp:339:41: warning: overflow in conversion from 'double' to 'unsigned int' changes value from '+QNaN' to '0' [-Woverflow] dist_mat.cpp:344:33: warning: overflow in conversion from 'double' to 'unsigned int' changes value from '+QNaN' to '0' [-Woverflow] dist_mat.cpp:353:41: warning: overflow in conversion from 'double' to 'unsigned int' changes value from '+QNaN' to '0' [-Woverflow] dist_mat.cpp:358:33: warning: overflow in conversion from 'double' to 'unsigned int' changes value from '+QNaN' to '0' [-Woverflow] dist_mat.cpp:382:33: warning: overflow in conversion from 'double' to 'unsigned int' changes value from '+QNaN' to '0' [-Woverflow] dist_mat.cpp:395:33: warning: overflow in conversion from 'double' to 'unsigned int' changes value from '+QNaN' to '0' [-Woverflow] dist_mat.cpp:446:33: warning: overflow in conversion from 'double' to 'unsigned int' changes value from '+QNaN' to '0' [-Woverflow] dist_mat.cpp:463:33: warning: overflow in conversion from 'double' to 'unsigned int' changes value from '+QNaN' to '0' [-Woverflow] See 'd:/Rcompile/CRANpkg/local/4.4/conleyreg.Rcheck/00install.out' for details. * used C++ compiler: 'g++.exe (GCC) 13.3.0' Flavor: r-oldrel-windows-x86_64