CRAN Package Check Results for Package condSURV

Last updated on 2025-11-26 05:51:30 CET.

Flavor Version Tinstall Tcheck Ttotal Status Flags
r-devel-linux-x86_64-debian-clang 2.0.4 11.18 77.93 89.11 NOTE
r-devel-linux-x86_64-debian-gcc 2.0.4 8.09 56.17 64.26 NOTE
r-devel-linux-x86_64-fedora-clang 2.0.4 111.00 38.65 149.65 OK
r-devel-linux-x86_64-fedora-gcc 2.0.4 24.00 106.51 130.51 OK
r-devel-windows-x86_64 2.0.4 22.00 89.00 111.00 OK
r-patched-linux-x86_64 2.0.4 11.11 73.73 84.84 OK
r-release-linux-x86_64 2.0.4 11.32 74.19 85.51 OK
r-release-macos-arm64 2.0.4 OK
r-release-macos-x86_64 2.0.4 20.00 81.00 101.00 OK
r-release-windows-x86_64 2.0.4 16.00 97.00 113.00 OK
r-oldrel-macos-arm64 2.0.4 OK
r-oldrel-macos-x86_64 2.0.4 9.00 51.00 60.00 OK
r-oldrel-windows-x86_64 2.0.4 19.00 110.00 129.00 OK

Check Details

Version: 2.0.4
Check: CRAN incoming feasibility
Result: NOTE Maintainer: ‘Marta Sestelo <sestelo@uvigo.es>’ No Authors@R field in DESCRIPTION. Please add one, modifying Authors@R: c(person(given = "Luis", family = "Meira-Machado", role = "aut"), person(given = "Marta", family = "Sestelo", role = c("aut", "cre"), email = "sestelo@uvigo.es")) as necessary. Flavors: r-devel-linux-x86_64-debian-clang, r-devel-linux-x86_64-debian-gcc