CRAN Package Check Results for Package con2aqi

Last updated on 2025-02-05 17:49:53 CET.

Flavor Version Tinstall Tcheck Ttotal Status Flags
r-devel-linux-x86_64-debian-clang 0.1.0 1.58 15.56 17.14 OK
r-devel-linux-x86_64-debian-gcc 0.1.0 1.38 12.85 14.23 OK
r-devel-linux-x86_64-fedora-clang 0.1.0 29.20 OK
r-devel-linux-x86_64-fedora-gcc 0.1.0 26.32 OK
r-devel-windows-x86_64 0.1.0 3.00 37.00 40.00 OK
r-patched-linux-x86_64 0.1.0 1.51 14.79 16.30 NOTE
r-release-linux-x86_64 0.1.0 1.55 14.96 16.51 NOTE
r-release-macos-arm64 0.1.0 19.00 NOTE
r-release-macos-x86_64 0.1.0 20.00 NOTE
r-release-windows-x86_64 0.1.0 2.00 37.00 39.00 NOTE
r-oldrel-macos-arm64 0.1.0 14.00 NOTE
r-oldrel-macos-x86_64 0.1.0 18.00 NOTE
r-oldrel-windows-x86_64 0.1.0 4.00 35.00 39.00 NOTE

Check Details

Version: 0.1.0
Check: LazyData
Result: NOTE 'LazyData' is specified without a 'data' directory Flavors: r-patched-linux-x86_64, r-release-linux-x86_64, r-release-macos-arm64, r-release-macos-x86_64, r-release-windows-x86_64, r-oldrel-macos-arm64, r-oldrel-macos-x86_64, r-oldrel-windows-x86_64