Last updated on 2024-08-16 06:49:57 CEST.
Flavor | Version | Tinstall | Tcheck | Ttotal | Status | Flags |
---|---|---|---|---|---|---|
r-devel-linux-x86_64-debian-clang | 1.1.2 | 4.30 | 37.67 | 41.97 | NOTE | |
r-devel-linux-x86_64-debian-gcc | 1.1.2 | 3.00 | 26.85 | 29.85 | NOTE | |
r-devel-linux-x86_64-fedora-clang | 1.1.2 | 66.41 | OK | |||
r-devel-linux-x86_64-fedora-gcc | 1.1.2 | 61.56 | OK | |||
r-devel-windows-x86_64 | 1.1.2 | 5.00 | 60.00 | 65.00 | NOTE | |
r-patched-linux-x86_64 | 1.1.2 | 5.05 | 35.34 | 40.39 | OK | |
r-release-linux-x86_64 | 1.1.2 | 3.89 | 35.47 | 39.36 | OK | |
r-release-macos-arm64 | 1.1.2 | 21.00 | OK | |||
r-release-macos-x86_64 | 1.1.2 | 37.00 | OK | |||
r-release-windows-x86_64 | 1.1.2 | 6.00 | 61.00 | 67.00 | OK | |
r-oldrel-macos-arm64 | 1.1.2 | 27.00 | OK | |||
r-oldrel-macos-x86_64 | 1.1.2 | 62.00 | OK | |||
r-oldrel-windows-x86_64 | 1.1.2 | 5.00 | 65.00 | 70.00 | OK |
Version: 1.1.2
Check: Rd cross-references
Result: NOTE
Found the following Rd file(s) with Rd \link{} targets missing package
anchors:
rlm.Rd: lqs
Please provide package anchors for all Rd \link{} targets not in the
package itself and the base packages.
Flavors: r-devel-linux-x86_64-debian-clang, r-devel-linux-x86_64-debian-gcc, r-devel-windows-x86_64