Last updated on 2025-02-10 17:49:08 CET.
Flavor | Version | Tinstall | Tcheck | Ttotal | Status | Flags |
---|---|---|---|---|---|---|
r-devel-linux-x86_64-debian-clang | 1.9.2 | 14.31 | 18.02 | 32.33 | OK | |
r-devel-linux-x86_64-debian-gcc | 1.9.2 | 13.20 | 14.94 | 28.14 | OK | |
r-devel-linux-x86_64-fedora-clang | 1.9.2 | 49.12 | OK | |||
r-devel-linux-x86_64-fedora-gcc | 1.9.2 | 62.38 | OK | |||
r-devel-windows-x86_64 | 1.9.2 | 24.00 | 46.00 | 70.00 | OK | |
r-patched-linux-x86_64 | 1.9.2 | 17.31 | 17.19 | 34.50 | OK | |
r-release-linux-x86_64 | 1.9.2 | 16.74 | 17.20 | 33.94 | OK | |
r-release-macos-arm64 | 1.9.2 | 26.00 | OK | |||
r-release-macos-x86_64 | 1.9.2 | 58.00 | OK | |||
r-release-windows-x86_64 | 1.9.2 | 1.00 | 6.00 | 7.00 | ERROR | |
r-oldrel-macos-arm64 | 1.9.2 | 37.00 | OK | |||
r-oldrel-macos-x86_64 | 1.9.2 | 70.00 | OK | |||
r-oldrel-windows-x86_64 | 1.9.2 | 28.00 | 49.00 | 77.00 | OK |
Version: 1.9.2
Check: whether package can be installed
Result: ERROR
Installation failed.
Flavor: r-release-windows-x86_64