Last updated on 2025-02-10 17:49:08 CET.
Flavor | Version | Tinstall | Tcheck | Ttotal | Status | Flags |
---|---|---|---|---|---|---|
r-devel-linux-x86_64-debian-clang | 0.1.4 | 1.70 | 17.12 | 18.82 | NOTE | |
r-devel-linux-x86_64-debian-gcc | 0.1.4 | 1.36 | 14.47 | 15.83 | NOTE | |
r-devel-linux-x86_64-fedora-clang | 0.1.4 | 31.51 | NOTE | |||
r-devel-linux-x86_64-fedora-gcc | 0.1.4 | 29.20 | NOTE | |||
r-devel-windows-x86_64 | 0.1.4 | 3.00 | 41.00 | 44.00 | NOTE | |
r-patched-linux-x86_64 | 0.1.4 | 1.65 | 16.31 | 17.96 | NOTE | |
r-release-linux-x86_64 | 0.1.4 | 1.70 | 16.12 | 17.82 | NOTE | |
r-release-macos-arm64 | 0.1.4 | 16.00 | NOTE | |||
r-release-macos-x86_64 | 0.1.4 | 21.00 | NOTE | |||
r-release-windows-x86_64 | 0.1.4 | 3.00 | 39.00 | 42.00 | NOTE | |
r-oldrel-macos-arm64 | 0.1.4 | 15.00 | NOTE | |||
r-oldrel-macos-x86_64 | 0.1.4 | 19.00 | NOTE | |||
r-oldrel-windows-x86_64 | 0.1.4 | 3.00 | 41.00 | 44.00 | NOTE |
Version: 0.1.4
Check: package subdirectories
Result: NOTE
Problems with news in ‘NEWS.md’:
No news entries found.
Flavors: r-devel-linux-x86_64-debian-clang, r-devel-linux-x86_64-debian-gcc, r-devel-linux-x86_64-fedora-clang, r-devel-linux-x86_64-fedora-gcc, r-devel-windows-x86_64, r-patched-linux-x86_64, r-release-linux-x86_64, r-release-macos-arm64, r-release-macos-x86_64, r-release-windows-x86_64, r-oldrel-macos-arm64, r-oldrel-macos-x86_64, r-oldrel-windows-x86_64
Version: 0.1.4
Check: dependencies in R code
Result: NOTE
Namespaces in Imports field not imported from:
‘chi’ ‘dplyr’ ‘spatstat.utils’ ‘utils’
All declared Imports should be used.
Flavors: r-devel-linux-x86_64-fedora-clang, r-devel-linux-x86_64-fedora-gcc