Last updated on 2024-06-29 06:49:37 CEST.
Flavor | Version | Tinstall | Tcheck | Ttotal | Status | Flags |
---|---|---|---|---|---|---|
r-devel-linux-x86_64-debian-clang | 2.0.14 | 239.92 | 517.19 | 757.11 | NOTE | |
r-devel-linux-x86_64-debian-gcc | 2.0.14 | 187.32 | 369.08 | 556.40 | NOTE | |
r-devel-linux-x86_64-fedora-clang | 2.0.14 | 951.26 | NOTE | |||
r-devel-linux-x86_64-fedora-gcc | 2.0.14 | 1079.56 | NOTE | |||
r-devel-windows-x86_64 | 2.0.14 | 189.00 | 456.00 | 645.00 | NOTE | |
r-patched-linux-x86_64 | 2.0.14 | 230.96 | 484.79 | 715.75 | OK | |
r-release-linux-x86_64 | 2.0.14 | 230.58 | 494.78 | 725.36 | OK | |
r-release-macos-arm64 | 2.0.14 | 281.00 | NOTE | |||
r-release-macos-x86_64 | 2.0.14 | 335.00 | NOTE | |||
r-release-windows-x86_64 | 2.0.14 | 191.00 | 448.00 | 639.00 | NOTE | |
r-oldrel-macos-arm64 | 2.0.14 | 281.00 | NOTE | |||
r-oldrel-macos-x86_64 | 2.0.14 | 724.00 | NOTE | |||
r-oldrel-windows-x86_64 | 2.0.14 | 193.00 | 541.00 | 734.00 | NOTE |
Version: 2.0.14
Check: compiled code
Result: NOTE
File ‘collapse/libs/collapse.so’:
Found non-API calls to R: ‘ENVFLAGS’, ‘LEVELS’, ‘SETLENGTH’,
‘SET_ENVFLAGS’, ‘SET_S4_OBJECT’, ‘SET_TRUELENGTH’, ‘SET_TYPEOF’,
‘STRING_PTR’, ‘TRUELENGTH’, ‘UNSET_S4_OBJECT’
Compiled code should not call non-API entry points in R.
See ‘Writing portable packages’ in the ‘Writing R Extensions’ manual.
See section ‘Moving into C API compliance’ in the ‘Writing R
Extensions’ manual for issues with use of non-API entry points.
Flavors: r-devel-linux-x86_64-debian-clang, r-devel-linux-x86_64-debian-gcc
Version: 2.0.14
Check: installed package size
Result: NOTE
installed size is 5.0Mb
sub-directories of 1Mb or more:
R 1.1Mb
libs 2.0Mb
Flavors: r-devel-linux-x86_64-fedora-clang, r-devel-windows-x86_64, r-release-macos-arm64, r-release-macos-x86_64, r-release-windows-x86_64, r-oldrel-macos-arm64, r-oldrel-macos-x86_64, r-oldrel-windows-x86_64
Version: 2.0.14
Check: compiled code
Result: NOTE
File ‘collapse/libs/collapse.so’:
Found non-API calls to R: ‘ENVFLAGS’, ‘LEVELS’, ‘SETLENGTH’,
‘SET_ENVFLAGS’, ‘SET_S4_OBJECT’, ‘SET_TRUELENGTH’, ‘SET_TYPEOF’,
‘STRING_PTR’, ‘TRUELENGTH’, ‘UNSET_S4_OBJECT’
Compiled code should not call non-API entry points in R.
See ‘Writing portable packages’ in the ‘Writing R Extensions’ manual.
Flavors: r-devel-linux-x86_64-fedora-clang, r-devel-linux-x86_64-fedora-gcc
Version: 2.0.14
Check: compiled code
Result: NOTE
File 'collapse/libs/x64/collapse.dll':
Found non-API calls to R: 'ENVFLAGS', 'LEVELS', 'SETLENGTH',
'SET_ENVFLAGS', 'SET_S4_OBJECT', 'SET_TRUELENGTH', 'SET_TYPEOF',
'STRING_PTR', 'TRUELENGTH', 'UNSET_S4_OBJECT'
Compiled code should not call non-API entry points in R.
See 'Writing portable packages' in the 'Writing R Extensions' manual.
See section 'Moving into C API compliance' in the 'Writing R
Extensions' manual for issues with use of non-API entry points.
Flavor: r-devel-windows-x86_64