CRAN Package Check Results for Package colf

Last updated on 2025-02-10 17:49:08 CET.

Flavor Version Tinstall Tcheck Ttotal Status Flags
r-devel-linux-x86_64-debian-clang 0.1.3 1.87 25.47 27.34 OK
r-devel-linux-x86_64-debian-gcc 0.1.3 1.45 20.01 21.46 OK
r-devel-linux-x86_64-fedora-clang 0.1.3 48.15 OK
r-devel-linux-x86_64-fedora-gcc 0.1.3 56.63 OK
r-devel-windows-x86_64 0.1.3 3.00 48.00 51.00 OK
r-patched-linux-x86_64 0.1.3 2.06 24.40 26.46 NOTE
r-release-linux-x86_64 0.1.3 1.75 24.41 26.16 NOTE
r-release-macos-arm64 0.1.3 28.00 NOTE
r-release-macos-x86_64 0.1.3 40.00 NOTE
r-release-windows-x86_64 0.1.3 3.00 50.00 53.00 NOTE
r-oldrel-macos-arm64 0.1.3 24.00 NOTE
r-oldrel-macos-x86_64 0.1.3 35.00 NOTE
r-oldrel-windows-x86_64 0.1.3 3.00 51.00 54.00 NOTE

Check Details

Version: 0.1.3
Check: LazyData
Result: NOTE 'LazyData' is specified without a 'data' directory Flavors: r-patched-linux-x86_64, r-release-linux-x86_64, r-release-macos-arm64, r-release-macos-x86_64, r-release-windows-x86_64, r-oldrel-macos-arm64, r-oldrel-macos-x86_64, r-oldrel-windows-x86_64