CRAN Package Check Results for Package coda.base

Last updated on 2025-06-30 18:49:38 CEST.

Flavor Version Tinstall Tcheck Ttotal Status Flags
r-devel-linux-x86_64-debian-clang 1.0.0 47.79 50.00 97.79 OK
r-devel-linux-x86_64-debian-gcc 1.0.0 37.96 38.56 76.52 OK
r-devel-linux-x86_64-fedora-clang 1.0.0 177.65 OK
r-devel-linux-x86_64-fedora-gcc 1.0.0 185.02 OK
r-devel-windows-x86_64 1.0.0 58.00 90.00 148.00 OK
r-patched-linux-x86_64 OK
r-release-linux-x86_64 1.0.0 51.94 45.69 97.63 OK
r-release-macos-arm64 1.0.0 87.00 OK
r-release-macos-x86_64 1.0.0 127.00 OK
r-release-windows-x86_64 1.0.0 59.00 89.00 148.00 OK
r-oldrel-macos-arm64 1.0.0 81.00 NOTE
r-oldrel-macos-x86_64 1.0.0 104.00 NOTE
r-oldrel-windows-x86_64 1.0.0 69.00 106.00 175.00 OK

Check Details

Version: 1.0.0
Check: installed package size
Result: NOTE installed size is 5.1Mb sub-directories of 1Mb or more: libs 4.5Mb Flavors: r-oldrel-macos-arm64, r-oldrel-macos-x86_64