Last updated on 2024-06-15 17:57:30 CEST.
Flavor | Version | Tinstall | Tcheck | Ttotal | Status | Flags |
---|---|---|---|---|---|---|
r-devel-linux-x86_64-debian-clang | 1.0-1 | 2.66 | 30.38 | 33.04 | NOTE | |
r-devel-linux-x86_64-debian-gcc | 1.0-1 | 2.68 | 22.94 | 25.62 | NOTE | |
r-devel-linux-x86_64-fedora-clang | 1.0-1 | 42.72 | NOTE | |||
r-devel-linux-x86_64-fedora-gcc | 1.0-1 | 40.25 | NOTE | |||
r-devel-windows-x86_64 | 1.0-1 | 4.00 | 44.00 | 48.00 | NOTE | |
r-patched-linux-x86_64 | 1.0-1 | 2.67 | 29.12 | 31.79 | NOTE | |
r-release-linux-x86_64 | 1.0-1 | 3.36 | 27.96 | 31.32 | NOTE | |
r-release-macos-arm64 | 1.0-1 | 17.00 | NOTE | |||
r-release-macos-x86_64 | 1.0-1 | 25.00 | NOTE | |||
r-release-windows-x86_64 | 1.0-1 | 3.00 | 46.00 | 49.00 | NOTE | |
r-oldrel-macos-arm64 | 1.0-1 | 17.00 | NOTE | |||
r-oldrel-macos-x86_64 | 1.0-1 | 23.00 | NOTE | |||
r-oldrel-windows-x86_64 | 1.0-1 | 6.00 | 49.00 | 55.00 | NOTE |
Version: 1.0-1
Check: package dependencies
Result: NOTE
Package which this enhances but not available for checking: ‘rkward’
Flavors: r-devel-linux-x86_64-debian-clang, r-devel-linux-x86_64-debian-gcc, r-devel-linux-x86_64-fedora-clang, r-devel-linux-x86_64-fedora-gcc, r-devel-windows-x86_64, r-patched-linux-x86_64, r-release-linux-x86_64, r-release-macos-arm64, r-release-macos-x86_64, r-release-windows-x86_64, r-oldrel-macos-arm64, r-oldrel-macos-x86_64, r-oldrel-windows-x86_64