Last updated on 2025-11-25 17:49:46 CET.
| Flavor | Version | Tinstall | Tcheck | Ttotal | Status | Flags |
|---|---|---|---|---|---|---|
| r-devel-linux-x86_64-debian-clang | 4.6.1 | 22.05 | 286.13 | 308.18 | NOTE | |
| r-devel-linux-x86_64-debian-gcc | 4.6.1 | 15.25 | 200.22 | 215.47 | NOTE | |
| r-devel-linux-x86_64-fedora-clang | 4.6.1 | 187.00 | 342.85 | 529.85 | NOTE | |
| r-devel-linux-x86_64-fedora-gcc | 4.6.1 | 50.00 | 416.80 | 466.80 | NOTE | |
| r-devel-windows-x86_64 | 4.6.1 | 30.00 | 275.00 | 305.00 | OK | |
| r-patched-linux-x86_64 | 4.6.1 | 26.69 | 268.51 | 295.20 | NOTE | |
| r-release-linux-x86_64 | 4.6.1 | 23.27 | 268.06 | 291.33 | NOTE | |
| r-release-macos-arm64 | 4.6.1 | OK | ||||
| r-release-macos-x86_64 | 4.6.1 | 21.00 | 249.00 | 270.00 | OK | |
| r-release-windows-x86_64 | 4.6.1 | 25.00 | 271.00 | 296.00 | OK | |
| r-oldrel-macos-arm64 | 4.6.1 | OK | ||||
| r-oldrel-macos-x86_64 | 4.6.1 | 21.00 | 271.00 | 292.00 | OK | |
| r-oldrel-windows-x86_64 | 4.6.1 | 34.00 | 344.00 | 378.00 | OK |
Version: 4.6.1
Check: Rd cross-references
Result: NOTE
Unknown package ‘designmatch’ in Rd xrefs
Flavors: r-devel-linux-x86_64-debian-clang, r-devel-linux-x86_64-debian-gcc, r-devel-linux-x86_64-fedora-clang, r-devel-linux-x86_64-fedora-gcc, r-patched-linux-x86_64, r-release-linux-x86_64