CRAN Package Check Results for Package cmprsk

Last updated on 2025-05-15 18:50:44 CEST.

Flavor Version Tinstall Tcheck Ttotal Status Flags
r-devel-linux-x86_64-debian-clang 2.2-12 9.49 56.17 65.66 NOTE
r-devel-linux-x86_64-debian-gcc 2.2-12 6.71 41.98 48.69 NOTE
r-devel-linux-x86_64-fedora-clang 2.2-12 102.30 NOTE
r-devel-linux-x86_64-fedora-gcc 2.2-12 95.45 NOTE
r-devel-windows-x86_64 2.2-12 13.00 71.00 84.00 OK
r-patched-linux-x86_64 2.2-12 8.57 53.86 62.43 OK
r-release-linux-x86_64 2.2-12 8.32 53.84 62.16 OK
r-release-macos-arm64 2.2-12 34.00 OK
r-release-macos-x86_64 2.2-12 59.00 OK
r-release-windows-x86_64 2.2-12 15.00 71.00 86.00 OK
r-oldrel-macos-arm64 2.2-12 35.00 OK
r-oldrel-macos-x86_64 2.2-12 47.00 OK
r-oldrel-windows-x86_64 2.2-12 16.00 84.00 100.00 OK

Check Details

Version: 2.2-12
Check: CRAN incoming feasibility
Result: NOTE Maintainer: ‘Bob Gray <gray@jimmy.harvard.edu>’ No Authors@R field in DESCRIPTION. Please add one, modifying Authors@R: person(given = "Bob", family = "Gray", role = c("aut", "cre"), email = "gray@jimmy.harvard.edu") as necessary. Flavors: r-devel-linux-x86_64-debian-clang, r-devel-linux-x86_64-debian-gcc

Version: 2.2-12
Check: compiled code
Result: NOTE File ‘cmprsk/libs/cmprsk.so’: Found no calls to: ‘R_registerRoutines’, ‘R_useDynamicSymbols’ It is good practice to register native routines and to disable symbol search. See ‘Writing portable packages’ in the ‘Writing R Extensions’ manual. Flavors: r-devel-linux-x86_64-fedora-clang, r-devel-linux-x86_64-fedora-gcc